CRAN Package Check Results for Package splitstackshape

Last updated on 2019-04-20 02:54:43 CEST.

Flavor Version Tinstall Tcheck Ttotal Status Flags
r-devel-linux-x86_64-debian-clang 1.4.6 3.15 34.90 38.05 ERROR
r-devel-linux-x86_64-debian-gcc 1.4.6 3.01 32.76 35.77 ERROR
r-devel-linux-x86_64-fedora-clang 1.4.6 41.54 ERROR
r-devel-linux-x86_64-fedora-gcc 1.4.6 40.02 ERROR
r-devel-windows-ix86+x86_64 1.4.6 9.00 59.00 68.00 ERROR
r-patched-linux-x86_64 1.4.6 2.47 32.67 35.14 ERROR
r-patched-solaris-x86 1.4.6 60.30 ERROR
r-release-linux-x86_64 1.4.6 1.98 31.30 33.28 OK
r-release-windows-ix86+x86_64 1.4.6 4.00 62.00 66.00 OK
r-release-osx-x86_64 1.4.6 OK
r-oldrel-windows-ix86+x86_64 1.4.6 4.00 58.00 62.00 OK
r-oldrel-osx-x86_64 1.4.6 OK

Check Details

Version: 1.4.6
Check: tests
Result: ERROR
     Running 'testthat.R' [4s/3s]
    Running the tests in 'tests/testthat.R' failed.
    Complete output:
     > library(testthat)
     > library(splitstackshape)
     >
     > test_check("splitstackshape")
     -- 1. Failure: stratified returns the expected number of rows (@test_stratified.
     nrow(stratified(DF, "A", 0.1, select = list(A = c("AA", "BB")))) not equal to 3.
     1/1 mismatches
     [1] 4 - 3 == 1
    
     == testthat results ===========================================================
     OK: 51 SKIPPED: 0 FAILED: 1
     1. Failure: stratified returns the expected number of rows (@test_stratified.R#12)
    
     Error: testthat unit tests failed
     Execution halted
Flavor: r-devel-linux-x86_64-debian-clang

Version: 1.4.6
Check: tests
Result: ERROR
     Running ‘testthat.R’ [5s/6s]
    Running the tests in ‘tests/testthat.R’ failed.
    Complete output:
     > library(testthat)
     > library(splitstackshape)
     >
     > test_check("splitstackshape")
     ── 1. Failure: stratified returns the expected number of rows (@test_stratified.
     nrow(stratified(DF, "A", 0.1, select = list(A = c("AA", "BB")))) not equal to 3.
     1/1 mismatches
     [1] 4 - 3 == 1
    
     ══ testthat results ═══════════════════════════════════════════════════════════
     OK: 51 SKIPPED: 0 FAILED: 1
     1. Failure: stratified returns the expected number of rows (@test_stratified.R#12)
    
     Error: testthat unit tests failed
     Execution halted
Flavor: r-devel-linux-x86_64-debian-gcc

Version: 1.4.6
Check: tests
Result: ERROR
     Running ‘testthat.R’
    Running the tests in ‘tests/testthat.R’ failed.
    Complete output:
     > library(testthat)
     > library(splitstackshape)
     >
     > test_check("splitstackshape")
     ── 1. Failure: stratified returns the expected number of rows (@test_stratified.
     nrow(stratified(DF, "A", 0.1, select = list(A = c("AA", "BB")))) not equal to 3.
     1/1 mismatches
     [1] 4 - 3 == 1
    
     ══ testthat results ═══════════════════════════════════════════════════════════
     OK: 51 SKIPPED: 0 FAILED: 1
     1. Failure: stratified returns the expected number of rows (@test_stratified.R#12)
    
     Error: testthat unit tests failed
     Execution halted
Flavors: r-devel-linux-x86_64-fedora-clang, r-devel-linux-x86_64-fedora-gcc, r-patched-solaris-x86

Version: 1.4.6
Check: tests
Result: ERROR
     Running 'testthat.R' [2s]
    Running the tests in 'tests/testthat.R' failed.
    Complete output:
     > library(testthat)
     > library(splitstackshape)
     >
     > test_check("splitstackshape")
     -- 1. Failure: stratified returns the expected number of rows (@test_stratified.
     nrow(stratified(DF, "A", 0.1, select = list(A = c("AA", "BB")))) not equal to 3.
     1/1 mismatches
     [1] 4 - 3 == 1
    
     == testthat results ===========================================================
     OK: 51 SKIPPED: 0 FAILED: 1
     1. Failure: stratified returns the expected number of rows (@test_stratified.R#12)
    
     Error: testthat unit tests failed
     Execution halted
Flavor: r-devel-windows-ix86+x86_64

Version: 1.4.6
Check: tests
Result: ERROR
     Running ‘testthat.R’ [3s/3s]
    Running the tests in ‘tests/testthat.R’ failed.
    Complete output:
     > library(testthat)
     > library(splitstackshape)
     >
     > test_check("splitstackshape")
     ── 1. Failure: stratified returns the expected number of rows (@test_stratified.
     nrow(stratified(DF, "A", 0.1, select = list(A = c("AA", "BB")))) not equal to 3.
     1/1 mismatches
     [1] 4 - 3 == 1
    
     ══ testthat results ═══════════════════════════════════════════════════════════
     OK: 51 SKIPPED: 0 FAILED: 1
     1. Failure: stratified returns the expected number of rows (@test_stratified.R#12)
    
     Error: testthat unit tests failed
     Execution halted
Flavor: r-patched-linux-x86_64