Last updated on 2023-12-06 16:53:27 CET.
Flavor | Version | Tinstall | Tcheck | Ttotal | Status | Flags |
---|---|---|---|---|---|---|
r-devel-linux-x86_64-debian-clang | 0.5.1 | 46.36 | 48.28 | 94.64 | OK | |
r-devel-linux-x86_64-debian-gcc | 0.5.1 | 29.71 | 38.38 | 68.09 | OK | |
r-devel-linux-x86_64-fedora-clang | 0.5.1 | 129.17 | OK | |||
r-devel-linux-x86_64-fedora-gcc | 0.5.1 | 139.72 | OK | |||
r-devel-windows-x86_64 | 0.5.1 | 35.00 | 88.00 | 123.00 | OK | |
r-patched-linux-x86_64 | 0.5.1 | 38.51 | 48.29 | 86.80 | OK | |
r-release-linux-x86_64 | 0.5.1 | 34.38 | 47.29 | 81.67 | OK | |
r-release-macos-arm64 | 0.5.1 | 49.00 | NOTE | |||
r-release-macos-x86_64 | 0.5.1 | 138.00 | NOTE | |||
r-release-windows-x86_64 | 0.5.1 | 43.00 | 99.00 | 142.00 | OK | |
r-oldrel-macos-arm64 | 0.5.1 | 42.00 | NOTE | |||
r-oldrel-macos-x86_64 | 0.5.1 | 100.00 | NOTE | |||
r-oldrel-windows-x86_64 | 0.5.1 | 44.00 | 99.00 | 143.00 | OK |
Version: 0.5.1
Check: installed package size
Result: NOTE
installed size is 5.1Mb
sub-directories of 1Mb or more:
doc 1.2Mb
libs 3.3Mb
Flavors: r-release-macos-arm64, r-release-macos-x86_64, r-oldrel-macos-arm64, r-oldrel-macos-x86_64