CRAN Package Check Results for Package spinBayes

Last updated on 2021-12-03 03:55:47 CET.

Flavor Version Tinstall Tcheck Ttotal Status Flags
r-devel-linux-x86_64-debian-clang 0.1.0 125.71 42.73 168.44 OK
r-devel-linux-x86_64-debian-gcc 0.1.0 88.71 32.72 121.43 OK
r-devel-linux-x86_64-fedora-clang 0.1.0 266.57 NOTE
r-devel-linux-x86_64-fedora-gcc 0.1.0 230.60 NOTE
r-devel-windows-x86_64-new-UL 0.1.0 154.00 108.00 262.00 OK
r-devel-windows-x86_64-new-TK 0.1.0 NOTE
r-devel-windows-x86_64-old 0.1.0 152.00 51.00 203.00 OK
r-patched-linux-x86_64 0.1.0 106.79 40.47 147.26 OK
r-patched-solaris-x86 0.1.0 196.80 NOTE
r-release-linux-x86_64 0.1.0 107.97 41.12 149.09 OK
r-release-macos-arm64 0.1.0 NOTE
r-release-macos-x86_64 0.1.0 NOTE
r-release-windows-ix86+x86_64 0.1.0 298.00 96.00 394.00 OK
r-oldrel-macos-x86_64 0.1.0 NOTE
r-oldrel-windows-ix86+x86_64 0.1.0 294.00 102.00 396.00 OK

Check Details

Version: 0.1.0
Check: installed package size
Result: NOTE
     installed size is 6.6Mb
     sub-directories of 1Mb or more:
     libs 6.0Mb
Flavors: r-devel-linux-x86_64-fedora-clang, r-release-macos-arm64, r-release-macos-x86_64, r-oldrel-macos-x86_64

Version: 0.1.0
Check: dependencies in R code
Result: NOTE
    Namespace in Imports field not imported from: ‘MASS’
     All declared Imports should be used.
Flavors: r-devel-linux-x86_64-fedora-clang, r-devel-linux-x86_64-fedora-gcc, r-devel-windows-x86_64-new-TK, r-patched-solaris-x86, r-release-macos-arm64, r-release-macos-x86_64, r-oldrel-macos-x86_64