CRAN Package Check Results for Package spikeSlabGAM

Last updated on 2019-06-16 13:46:48 CEST.

Flavor Version Tinstall Tcheck Ttotal Status Flags
r-devel-linux-x86_64-debian-clang 1.1-14 13.44 91.00 104.44 OK --no-vignettes
r-devel-linux-x86_64-debian-gcc 1.1-14 11.69 70.92 82.61 OK --no-vignettes
r-devel-linux-x86_64-fedora-clang 1.1-14 769.86 OK
r-devel-linux-x86_64-fedora-gcc 1.1-14 751.03 OK
r-devel-windows-ix86+x86_64 1.1-14 42.00 122.00 164.00 OK --no-vignettes
r-patched-linux-x86_64 1.1-14 12.33 87.83 100.16 OK --no-vignettes
r-patched-solaris-x86 1.1-14 195.60 OK --no-vignettes
r-release-linux-x86_64 1.1-14 11.99 88.92 100.91 OK --no-vignettes
r-release-windows-ix86+x86_64 1.1-14 32.00 155.00 187.00 OK --no-vignettes
r-release-osx-x86_64 1.1-14 FAIL
r-oldrel-windows-ix86+x86_64 1.1-14 21.00 154.00 175.00 OK --no-vignettes
r-oldrel-osx-x86_64 1.1-14 OK

Check Details

Version: 1.1-14
Check: PDF version of manual
Result: FAIL
    
Flavor: r-release-osx-x86_64