CRAN Package Check Results for Package spiderbar

Last updated on 2022-08-19 01:50:15 CEST.

Flavor Version Tinstall Tcheck Ttotal Status Flags
r-devel-linux-x86_64-debian-clang 0.2.4 38.08 28.28 66.36 NOTE
r-devel-linux-x86_64-debian-gcc 0.2.4 31.55 22.17 53.72 NOTE
r-devel-linux-x86_64-fedora-clang 0.2.4 110.77 NOTE
r-devel-linux-x86_64-fedora-gcc 0.2.4 96.44 NOTE
r-devel-windows-x86_64 0.2.4 55.00 75.00 130.00 NOTE
r-patched-linux-x86_64 0.2.4 30.61 27.16 57.77 OK
r-release-linux-x86_64 0.2.4 OK
r-release-macos-arm64 0.2.4 27.00 OK
r-release-macos-x86_64 0.2.4 38.00 OK
r-release-windows-x86_64 0.2.4 38.00 81.00 119.00 OK
r-oldrel-macos-arm64 0.2.4 34.00 OK
r-oldrel-macos-x86_64 0.2.4 55.00 OK
r-oldrel-windows-ix86+x86_64 0.2.4 97.00 81.00 178.00 OK

Check Details

Version: 0.2.4
Check: package subdirectories
Result: NOTE
    Problems with news in 'NEWS.md':
    No news entries found.
Flavors: r-devel-linux-x86_64-debian-clang, r-devel-linux-x86_64-debian-gcc, r-devel-linux-x86_64-fedora-clang, r-devel-linux-x86_64-fedora-gcc, r-devel-windows-x86_64