CRAN Package Check Results for Package spgwr

Last updated on 2020-02-28 02:51:35 CET.

Flavor Version Tinstall Tcheck Ttotal Status Flags
r-devel-linux-x86_64-debian-clang 0.6-33 10.11 99.98 110.09 OK
r-devel-linux-x86_64-debian-gcc 0.6-33 8.13 78.62 86.75 OK
r-devel-linux-x86_64-fedora-clang 0.6-33 150.24 WARN
r-devel-linux-x86_64-fedora-gcc 0.6-33 139.31 WARN
r-devel-windows-ix86+x86_64 0.6-33 21.00 145.00 166.00 OK
r-devel-windows-ix86+x86_64-gcc8 0.6-33 24.00 146.00 170.00 OK
r-patched-linux-x86_64 0.6-33 8.76 88.94 97.70 OK
r-patched-solaris-x86 0.6-33 177.70 OK
r-release-linux-x86_64 0.6-33 8.94 87.91 96.85 OK
r-release-windows-ix86+x86_64 0.6-33 18.00 127.00 145.00 OK
r-release-osx-x86_64 0.6-33 OK
r-oldrel-windows-ix86+x86_64 0.6-33 13.00 129.00 142.00 OK
r-oldrel-osx-x86_64 0.6-33 OK

Check Details

Version: 0.6-33
Check: whether package can be installed
Result: WARN
    Found the following significant warnings:
     Warning: namespace ‘rgdal’ is not available and has been replaced
Flavors: r-devel-linux-x86_64-fedora-clang, r-devel-linux-x86_64-fedora-gcc