CRAN Package Check Results for Package spfda

Last updated on 2021-12-04 10:52:46 CET.

Flavor Version Tinstall Tcheck Ttotal Status Flags
r-devel-linux-x86_64-debian-clang 0.9.0 2.53 33.05 35.58 NOTE
r-devel-linux-x86_64-debian-gcc 0.9.0 1.84 26.07 27.91 NOTE
r-devel-linux-x86_64-fedora-clang 0.9.0 44.55 NOTE
r-devel-linux-x86_64-fedora-gcc 0.9.0 33.37 NOTE
r-devel-windows-x86_64-new-UL 0.9.0 6.00 56.00 62.00 NOTE
r-devel-windows-x86_64-new-TK 0.9.0 NOTE
r-devel-windows-x86_64-old 0.9.0 5.00 32.00 37.00 NOTE
r-patched-linux-x86_64 0.9.0 2.48 23.88 26.36 NOTE
r-release-linux-x86_64 0.9.0 2.44 24.09 26.53 NOTE
r-release-macos-arm64 0.9.0 NOTE
r-release-macos-x86_64 0.9.0 NOTE
r-release-windows-ix86+x86_64 0.9.0 5.00 41.00 46.00 NOTE
r-oldrel-macos-x86_64 0.9.0 NOTE
r-oldrel-windows-ix86+x86_64 0.9.0 6.00 40.00 46.00 OK

Check Details

Version: 0.9.0
Check: LazyData
Result: NOTE
     'LazyData' is specified without a 'data' directory
Flavors: r-devel-linux-x86_64-debian-clang, r-devel-linux-x86_64-debian-gcc, r-devel-linux-x86_64-fedora-clang, r-devel-linux-x86_64-fedora-gcc, r-devel-windows-x86_64-new-UL, r-devel-windows-x86_64-new-TK, r-devel-windows-x86_64-old, r-patched-linux-x86_64, r-release-linux-x86_64, r-release-macos-arm64, r-release-macos-x86_64, r-release-windows-ix86+x86_64

Version: 0.9.0
Check: dependencies in R code
Result: NOTE
    Namespace in Imports field not imported from: ‘mathjaxr’
     All declared Imports should be used.
Flavors: r-devel-linux-x86_64-fedora-clang, r-devel-linux-x86_64-fedora-gcc, r-devel-windows-x86_64-new-TK, r-release-macos-arm64, r-release-macos-x86_64, r-oldrel-macos-x86_64