Last updated on 2023-03-28 02:55:06 CEST.
Flavor | Version | Tinstall | Tcheck | Ttotal | Status | Flags |
---|---|---|---|---|---|---|
r-devel-linux-x86_64-debian-clang | 0.1-1 | 6.39 | 70.46 | 76.85 | NOTE | |
r-devel-linux-x86_64-debian-gcc | 0.1-1 | 4.73 | 52.45 | 57.18 | NOTE | |
r-devel-linux-x86_64-fedora-clang | 0.1-1 | 92.18 | NOTE | |||
r-devel-linux-x86_64-fedora-gcc | 0.1-1 | 95.22 | NOTE | |||
r-patched-linux-x86_64 | 0.1-1 | 6.34 | 66.18 | 72.52 | NOTE | |
r-release-linux-x86_64 | 0.1-1 | 6.22 | 66.16 | 72.38 | NOTE | |
r-release-macos-arm64 | 0.1-1 | 90.00 | NOTE | |||
r-release-macos-x86_64 | 0.1-1 | 112.00 | NOTE | |||
r-release-windows-x86_64 | 0.1-1 | 12.00 | 96.00 | 108.00 | NOTE | |
r-oldrel-macos-arm64 | 0.1-1 | 61.00 | NOTE | |||
r-oldrel-macos-x86_64 | 0.1-1 | 96.00 | NOTE | |||
r-oldrel-windows-ix86+x86_64 | 0.1-1 | 19.00 | 93.00 | 112.00 | NOTE |
Version: 0.1-1
Check: LazyData
Result: NOTE
'LazyData' is specified without a 'data' directory
Flavors: r-devel-linux-x86_64-debian-clang, r-devel-linux-x86_64-debian-gcc, r-devel-linux-x86_64-fedora-clang, r-devel-linux-x86_64-fedora-gcc, r-patched-linux-x86_64, r-release-linux-x86_64, r-release-macos-arm64, r-release-macos-x86_64, r-release-windows-x86_64, r-oldrel-macos-arm64, r-oldrel-macos-x86_64, r-oldrel-windows-ix86+x86_64
Version: 0.1-1
Check: for non-standard things in the check directory
Result: NOTE
Found the following files/directories:
‘.neig’
Flavors: r-devel-linux-x86_64-debian-clang, r-devel-linux-x86_64-debian-gcc, r-devel-linux-x86_64-fedora-clang, r-devel-linux-x86_64-fedora-gcc, r-patched-linux-x86_64, r-release-linux-x86_64