CRAN Package Check Results for Package spelling

Last updated on 2022-06-29 03:52:53 CEST.

Flavor Version Tinstall Tcheck Ttotal Status Flags
r-devel-linux-x86_64-debian-clang 2.2 2.32 23.87 26.19 NOTE
r-devel-linux-x86_64-debian-gcc 2.2 2.14 19.16 21.30 NOTE
r-devel-linux-x86_64-fedora-clang 2.2 43.88 NOTE
r-devel-linux-x86_64-fedora-gcc 2.2 42.63 NOTE
r-devel-windows-x86_64 2.2 15.00 49.00 64.00 NOTE
r-patched-linux-x86_64 2.2 2.78 24.14 26.92 NOTE
r-release-linux-x86_64 2.2 2.11 23.78 25.89 NOTE
r-release-macos-arm64 2.2 18.00 NOTE
r-release-macos-x86_64 2.2 22.00 NOTE
r-release-windows-x86_64 2.2 21.00 49.00 70.00 NOTE
r-oldrel-macos-arm64 2.2 19.00 NOTE
r-oldrel-macos-x86_64 2.2 29.00 NOTE
r-oldrel-windows-ix86+x86_64 2.2 6.00 42.00 48.00 NOTE

Check Details

Version: 2.2
Check: LazyData
Result: NOTE
     'LazyData' is specified without a 'data' directory
Flavors: r-devel-linux-x86_64-debian-clang, r-devel-linux-x86_64-debian-gcc, r-devel-linux-x86_64-fedora-clang, r-devel-linux-x86_64-fedora-gcc, r-devel-windows-x86_64, r-patched-linux-x86_64, r-release-linux-x86_64, r-release-macos-arm64, r-release-macos-x86_64, r-release-windows-x86_64, r-oldrel-macos-arm64, r-oldrel-macos-x86_64, r-oldrel-windows-ix86+x86_64