CRAN Package Check Results for Package spectrolab

Last updated on 2019-03-19 07:47:25 CET.

Flavor Version Tinstall Tcheck Ttotal Status Flags
r-devel-linux-x86_64-debian-clang 0.0.8 7.63 77.65 85.28 OK
r-devel-linux-x86_64-debian-gcc 0.0.8 6.12 62.63 68.75 OK
r-devel-linux-x86_64-fedora-clang 0.0.8 104.84 NOTE
r-devel-linux-x86_64-fedora-gcc 0.0.8 110.60 NOTE
r-devel-windows-ix86+x86_64 0.0.8 19.00 150.00 169.00 OK
r-patched-linux-x86_64 0.0.8 5.84 73.64 79.48 OK
r-patched-solaris-x86 0.0.8 4.50 ERROR
r-release-linux-x86_64 0.0.8 6.27 73.83 80.10 OK
r-release-windows-ix86+x86_64 0.0.8 15.00 176.00 191.00 OK
r-release-osx-x86_64 0.0.8 NOTE
r-oldrel-windows-ix86+x86_64 0.0.8 19.00 162.00 181.00 OK
r-oldrel-osx-x86_64 0.0.8 NOTE

Check Details

Version: 0.0.8
Check: dependencies in R code
Result: NOTE
    Namespaces in Imports field not imported from:
     ‘devtools’ ‘usethis’
     All declared Imports should be used.
Flavors: r-devel-linux-x86_64-fedora-clang, r-devel-linux-x86_64-fedora-gcc, r-release-osx-x86_64, r-oldrel-osx-x86_64

Version: 0.0.8
Check: package dependencies
Result: ERROR
    Packages required but not available: ‘devtools’ ‘usethis’
    
    See section ‘The DESCRIPTION file’ in the ‘Writing R Extensions’
    manual.
Flavor: r-patched-solaris-x86