CRAN Package Check Results for Package spectrolab

Last updated on 2019-05-22 20:48:10 CEST.

Flavor Version Tinstall Tcheck Ttotal Status Flags
r-devel-linux-x86_64-debian-clang 0.0.8 6.80 75.72 82.52 OK
r-devel-linux-x86_64-debian-gcc 0.0.8 6.46 61.53 67.99 OK
r-devel-linux-x86_64-fedora-clang 0.0.8 102.81 NOTE
r-devel-linux-x86_64-fedora-gcc 0.0.8 99.29 NOTE
r-devel-windows-ix86+x86_64 0.0.8 13.00 157.00 170.00 OK
r-patched-linux-x86_64 0.0.8 7.20 76.74 83.94 OK
r-patched-solaris-x86 0.0.8 131.40 NOTE
r-release-linux-x86_64 0.0.8 7.13 77.01 84.14 OK
r-release-windows-ix86+x86_64 0.0.8 23.00 152.00 175.00 OK
r-release-osx-x86_64 0.0.8 NOTE
r-oldrel-windows-ix86+x86_64 0.0.8 11.00 107.00 118.00 OK
r-oldrel-osx-x86_64 0.0.8 NOTE

Check Details

Version: 0.0.8
Check: dependencies in R code
Result: NOTE
    Namespaces in Imports field not imported from:
     ‘devtools’ ‘usethis’
     All declared Imports should be used.
Flavors: r-devel-linux-x86_64-fedora-clang, r-devel-linux-x86_64-fedora-gcc, r-patched-solaris-x86, r-release-osx-x86_64, r-oldrel-osx-x86_64