CRAN Package Check Results for Package spectralR

Last updated on 2022-12-08 17:51:53 CET.

Flavor Version Tinstall Tcheck Ttotal Status Flags
r-devel-linux-x86_64-debian-clang 0.1.2 16.48 154.97 171.45 OK
r-devel-linux-x86_64-debian-gcc 0.1.2 12.48 114.56 127.04 OK
r-devel-linux-x86_64-fedora-clang 0.1.2 221.09 OK
r-devel-linux-x86_64-fedora-gcc 0.1.2 210.18 OK
r-devel-windows-x86_64 0.1.2 32.00 192.00 224.00 OK
r-patched-linux-x86_64 0.1.2 13.82 145.61 159.43 OK
r-release-linux-x86_64 0.1.2 10.43 147.16 157.59 OK
r-release-macos-arm64 0.1.2 64.00 OK
r-release-macos-x86_64 0.1.2 82.00 OK
r-release-windows-x86_64 0.1.2 36.00 206.00 242.00 OK
r-oldrel-macos-arm64 0.1.2 62.00 WARN
r-oldrel-macos-x86_64 0.1.2 88.00 WARN
r-oldrel-windows-ix86+x86_64 0.1.2 100.00 210.00 310.00 OK

Check Details

Version: 0.1.2
Check: for executable files
Result: WARN
    Found the following executable files:
     inst/extdata/SouthernBuh-habitats_shapefile.dbf
     inst/extdata/test_shapefile.dbf
    Source packages should not contain undeclared executable files.
    See section ‘Package structure’ in the ‘Writing R Extensions’ manual.
Flavors: r-oldrel-macos-arm64, r-oldrel-macos-x86_64