CRAN Package Check Results for Package specklestar

Last updated on 2022-06-28 15:53:29 CEST.

Flavor Version Tinstall Tcheck Ttotal Status Flags
r-devel-linux-x86_64-debian-clang 0.0.1.7 53.24 33.05 86.29 NOTE
r-devel-linux-x86_64-debian-gcc 0.0.1.7 38.28 26.23 64.51 NOTE
r-devel-linux-x86_64-fedora-clang 0.0.1.7 142.83 NOTE
r-devel-linux-x86_64-fedora-gcc 0.0.1.7 115.65 NOTE
r-devel-windows-x86_64 0.0.1.7 64.00 87.00 151.00 NOTE
r-patched-linux-x86_64 0.0.1.7 40.32 33.47 73.79 NOTE
r-release-linux-x86_64 0.0.1.7 39.87 33.25 73.12 NOTE
r-release-macos-arm64 0.0.1.7 33.00 NOTE
r-release-macos-x86_64 0.0.1.7 45.00 NOTE
r-release-windows-x86_64 0.0.1.7 64.00 88.00 152.00 NOTE
r-oldrel-macos-arm64 0.0.1.7 35.00 NOTE
r-oldrel-macos-x86_64 0.0.1.7 53.00 NOTE
r-oldrel-windows-ix86+x86_64 0.0.1.7 130.00 86.00 216.00 NOTE

Check Details

Version: 0.0.1.7
Check: LazyData
Result: NOTE
     'LazyData' is specified without a 'data' directory
Flavors: r-devel-linux-x86_64-debian-clang, r-devel-linux-x86_64-debian-gcc, r-devel-linux-x86_64-fedora-clang, r-devel-linux-x86_64-fedora-gcc, r-devel-windows-x86_64, r-patched-linux-x86_64, r-release-linux-x86_64, r-release-macos-arm64, r-release-macos-x86_64, r-release-windows-x86_64, r-oldrel-macos-arm64, r-oldrel-macos-x86_64, r-oldrel-windows-ix86+x86_64

Version: 0.0.1.7
Check: installed package size
Result: NOTE
     installed size is 5.4Mb
     sub-directories of 1Mb or more:
     libs 3.8Mb
Flavor: r-oldrel-windows-ix86+x86_64