Last updated on 2023-12-09 04:51:08 CET.
Flavor | Version | Tinstall | Tcheck | Ttotal | Status | Flags |
---|---|---|---|---|---|---|
r-devel-linux-x86_64-debian-clang | 1.3-1 | 25.02 | 269.24 | 294.26 | OK | |
r-devel-linux-x86_64-debian-gcc | 1.3-1 | 22.16 | 203.87 | 226.03 | OK | |
r-devel-linux-x86_64-fedora-clang | 1.3-1 | 386.05 | NOTE | |||
r-devel-linux-x86_64-fedora-gcc | 1.3-1 | 408.86 | OK | |||
r-devel-windows-x86_64 | 1.3-1 | 31.00 | 255.00 | 286.00 | NOTE | |
r-patched-linux-x86_64 | 1.3-1 | 29.42 | 264.79 | 294.21 | OK | |
r-release-linux-x86_64 | 1.3-1 | 24.68 | 258.81 | 283.49 | OK | |
r-release-macos-arm64 | 1.3-1 | 117.00 | NOTE | |||
r-release-macos-x86_64 | 1.3-1 | 377.00 | NOTE | |||
r-release-windows-x86_64 | 1.3-1 | 39.00 | 325.00 | 364.00 | NOTE | |
r-oldrel-macos-arm64 | 1.3-1 | 112.00 | NOTE | |||
r-oldrel-macos-x86_64 | 1.2-8 | 140.00 | NOTE | |||
r-oldrel-windows-x86_64 | 1.3-1 | 38.00 | 311.00 | 349.00 | NOTE |
Version: 1.3-1
Check: installed package size
Result: NOTE
installed size is 8.1Mb
sub-directories of 1Mb or more:
doc 5.3Mb
etc 1.4Mb
Flavors: r-devel-linux-x86_64-fedora-clang, r-devel-windows-x86_64, r-release-macos-arm64, r-release-macos-x86_64, r-release-windows-x86_64, r-oldrel-macos-arm64, r-oldrel-windows-x86_64
Version: 1.2-8
Check: installed package size
Result: NOTE
installed size is 8.6Mb
sub-directories of 1Mb or more:
doc 5.8Mb
etc 1.4Mb
Flavor: r-oldrel-macos-x86_64