Last updated on 2025-01-25 13:51:20 CET.
Flavor | Version | Tinstall | Tcheck | Ttotal | Status | Flags |
---|---|---|---|---|---|---|
r-devel-linux-x86_64-debian-clang | 1.3-10 | 24.35 | 255.53 | 279.88 | OK | |
r-devel-linux-x86_64-debian-gcc | 1.3-10 | 16.51 | 184.15 | 200.66 | OK | |
r-devel-linux-x86_64-fedora-clang | 1.3-10 | 475.48 | OK | |||
r-devel-linux-x86_64-fedora-gcc | 1.3-10 | 473.94 | OK | |||
r-devel-windows-x86_64 | 1.3-10 | 32.00 | 255.00 | 287.00 | OK | |
r-patched-linux-x86_64 | 1.3-10 | 24.41 | 245.44 | 269.85 | OK | |
r-release-linux-x86_64 | 1.3-10 | 21.53 | 245.14 | 266.67 | OK | |
r-release-macos-arm64 | 1.3-9 | 130.00 | NOTE | |||
r-release-macos-x86_64 | 1.3-10 | 244.00 | NOTE | |||
r-release-windows-x86_64 | 1.3-10 | 34.00 | 262.00 | 296.00 | NOTE | |
r-oldrel-macos-arm64 | 1.3-9 | 12.00 | ERROR | |||
r-oldrel-macos-x86_64 | 1.3-8 | 233.00 | NOTE | |||
r-oldrel-windows-x86_64 | 1.3-10 | 31.00 | 256.00 | 287.00 | NOTE |
Version: 1.3-9
Check: installed package size
Result: NOTE
installed size is 9.7Mb
sub-directories of 1Mb or more:
doc 6.0Mb
etc 2.1Mb
Flavor: r-release-macos-arm64
Version: 1.3-10
Check: installed package size
Result: NOTE
installed size is 9.7Mb
sub-directories of 1Mb or more:
doc 6.0Mb
etc 2.1Mb
Flavors: r-release-macos-x86_64, r-release-windows-x86_64, r-oldrel-windows-x86_64
Version: 1.3-9
Check: whether package can be installed
Result: ERROR
Installation failed.
Flavor: r-oldrel-macos-arm64
Version: 1.3-8
Check: installed package size
Result: NOTE
installed size is 9.7Mb
sub-directories of 1Mb or more:
doc 6.0Mb
etc 2.1Mb
Flavor: r-oldrel-macos-x86_64