Last updated on 2023-01-28 23:51:52 CET.
Flavor | Version | Tinstall | Tcheck | Ttotal | Status | Flags |
---|---|---|---|---|---|---|
r-devel-linux-x86_64-debian-clang | 1.2-7 | 25.32 | 279.71 | 305.03 | NOTE | |
r-devel-linux-x86_64-debian-gcc | 1.2-7 | 18.15 | 205.58 | 223.73 | NOTE | |
r-devel-linux-x86_64-fedora-clang | 1.2-7 | 364.67 | NOTE | |||
r-devel-linux-x86_64-fedora-gcc | 1.2-7 | 412.33 | NOTE | |||
r-patched-linux-x86_64 | 1.2-7 | 23.39 | 262.31 | 285.70 | NOTE | |
r-release-linux-x86_64 | 1.2-7 | 23.06 | 257.85 | 280.91 | NOTE | |
r-release-macos-arm64 | 1.2-7 | 117.00 | NOTE | |||
r-release-macos-x86_64 | 1.2-7 | 144.00 | NOTE | |||
r-release-windows-x86_64 | 1.2-7 | 41.00 | 392.00 | 433.00 | NOTE | |
r-oldrel-macos-arm64 | 1.2-7 | 119.00 | NOTE | |||
r-oldrel-macos-x86_64 | 1.2-7 | 144.00 | NOTE | |||
r-oldrel-windows-ix86+x86_64 | 1.2-7 | 61.00 | 446.00 | 507.00 | NOTE |
Version: 1.2-7
Check: package dependencies
Result: NOTE
Package suggested but not available for checking: ‘rgeoda’
Flavors: r-devel-linux-x86_64-debian-clang, r-devel-linux-x86_64-debian-gcc, r-devel-linux-x86_64-fedora-clang, r-devel-linux-x86_64-fedora-gcc, r-patched-linux-x86_64, r-release-linux-x86_64
Version: 1.2-7
Check: installed package size
Result: NOTE
installed size is 8.6Mb
sub-directories of 1Mb or more:
doc 5.8Mb
etc 1.4Mb
Flavors: r-devel-linux-x86_64-fedora-clang, r-release-macos-arm64, r-release-macos-x86_64, r-release-windows-x86_64, r-oldrel-macos-arm64, r-oldrel-macos-x86_64, r-oldrel-windows-ix86+x86_64