Last updated on 2023-12-06 16:53:27 CET.
Flavor | Version | Tinstall | Tcheck | Ttotal | Status | Flags |
---|---|---|---|---|---|---|
r-devel-linux-x86_64-debian-clang | 0.6.0 | 8.97 | 99.46 | 108.43 | OK | |
r-devel-linux-x86_64-debian-gcc | 0.6.0 | 6.03 | 74.11 | 80.14 | OK | |
r-devel-linux-x86_64-fedora-clang | 0.6.0 | 131.25 | NOTE | |||
r-devel-linux-x86_64-fedora-gcc | 0.6.0 | 122.73 | OK | |||
r-devel-windows-x86_64 | 0.6.0 | 10.00 | 85.00 | 95.00 | OK | |
r-patched-linux-x86_64 | 0.6.0 | 7.61 | 93.25 | 100.86 | OK | |
r-release-linux-x86_64 | 0.6.0 | 8.27 | 92.25 | 100.52 | OK | |
r-release-macos-arm64 | 0.6.0 | 40.00 | OK | |||
r-release-macos-x86_64 | 0.6.0 | 64.00 | OK | |||
r-release-windows-x86_64 | 0.6.0 | 11.00 | 104.00 | 115.00 | OK | |
r-oldrel-macos-arm64 | 0.6.0 | 47.00 | OK | |||
r-oldrel-macos-x86_64 | 0.6.0 | 53.00 | OK | |||
r-oldrel-windows-x86_64 | 0.6.0 | 12.00 | 107.00 | 119.00 | OK |
Version: 0.6.0
Check: Rd cross-references
Result: NOTE
Undeclared package ‘vctrs’ in Rd xrefs
Flavor: r-devel-linux-x86_64-fedora-clang