CRAN Package Check Results for Package spatstat.model

Last updated on 2024-02-29 17:22:36 CET.

Flavor Version Tinstall Tcheck Ttotal Status Flags
r-devel-linux-x86_64-debian-clang 3.2-10 41.61 560.38 601.99 NOTE
r-devel-linux-x86_64-debian-gcc 3.2-10 39.54 415.69 455.23 NOTE
r-devel-linux-x86_64-fedora-clang 3.2-10 595.98 NOTE
r-devel-linux-x86_64-fedora-gcc 3.2-10 601.04 NOTE
r-devel-windows-x86_64 3.2-10 45.00 491.00 536.00 NOTE
r-patched-linux-x86_64 3.2-10 68.98 543.25 612.23 NOTE
r-release-linux-x86_64 3.2-10 44.60 532.26 576.86 NOTE
r-release-macos-arm64 3.2-10 193.00 NOTE
r-release-macos-x86_64 3.2-10 443.00 NOTE
r-release-windows-x86_64 3.2-10 62.00 640.00 702.00 NOTE
r-oldrel-macos-arm64 3.2-10 187.00 NOTE
r-oldrel-windows-x86_64 3.2-10 60.00 608.00 668.00 NOTE

Check Details

Version: 3.2-10
Check: package dependencies
Result: NOTE Depends: includes the non-default packages: 'spatstat.data', 'spatstat.geom', 'spatstat.random', 'spatstat.explore', 'nlme', 'rpart' Adding so many packages to the search path is excessive and importing selectively is preferable. Flavors: r-devel-linux-x86_64-debian-clang, r-devel-linux-x86_64-debian-gcc, r-devel-linux-x86_64-fedora-clang, r-devel-linux-x86_64-fedora-gcc, r-devel-windows-x86_64, r-patched-linux-x86_64, r-release-linux-x86_64, r-release-macos-arm64, r-release-macos-x86_64, r-release-windows-x86_64, r-oldrel-macos-arm64, r-oldrel-windows-x86_64