Last updated on 2023-06-07 09:02:08 CEST.
Flavor | Version | Tinstall | Tcheck | Ttotal | Status | Flags |
---|---|---|---|---|---|---|
r-devel-linux-x86_64-debian-clang | 3.2-1 | 50.58 | 470.77 | 521.35 | OK | |
r-devel-linux-x86_64-debian-gcc | 3.2-1 | 46.38 | 343.97 | 390.35 | OK | |
r-devel-linux-x86_64-fedora-clang | 3.2-1 | 536.08 | OK | |||
r-devel-linux-x86_64-fedora-gcc | 3.2-1 | 624.47 | OK | |||
r-devel-windows-x86_64 | 3.2-1 | 58.00 | 409.00 | 467.00 | OK | |
r-patched-linux-x86_64 | 3.2-1 | 82.18 | 437.64 | 519.82 | OK | |
r-release-linux-x86_64 | 3.2-1 | 45.31 | 437.93 | 483.24 | OK | |
r-release-macos-arm64 | 3.2-1 | 127.00 | OK | |||
r-release-macos-x86_64 | 3.1-0 | 285.00 | NOTE | |||
r-release-windows-x86_64 | 3.2-1 | 71.00 | 515.00 | 586.00 | OK | |
r-oldrel-macos-arm64 | 3.2-1 | 135.00 | OK | |||
r-oldrel-macos-x86_64 | 3.2-1 | 199.00 | OK | |||
r-oldrel-windows-x86_64 | 3.2-1 | 70.00 | 486.00 | 556.00 | OK |
Version: 3.1-0
Check: package dependencies
Result: NOTE
Packages suggested but not available for checking:
'gsl', 'fftwtools', 'spatstat.linnet', 'spatstat.model', 'spatstat'
Flavor: r-release-macos-x86_64
Version: 3.1-0
Check: installed package size
Result: NOTE
installed size is 5.1Mb
sub-directories of 1Mb or more:
R 2.2Mb
help 2.2Mb
Flavor: r-release-macos-x86_64
Version: 3.1-0
Check: Rd cross-references
Result: NOTE
Packages unavailable to check Rd xrefs: ‘spatstat.model’, ‘spatstat.linnet’
Flavor: r-release-macos-x86_64