CRAN Package Check Results for Package spatstat.explore

Last updated on 2024-03-05 02:53:29 CET.

Flavor Version Tinstall Tcheck Ttotal Status Flags
r-devel-linux-x86_64-debian-clang 3.2-6 51.49 464.71 516.20 OK
r-devel-linux-x86_64-debian-gcc 3.2-6 50.41 333.28 383.69 OK
r-devel-linux-x86_64-fedora-clang 3.2-6 534.22 OK
r-devel-linux-x86_64-fedora-gcc 3.2-6 623.07 OK
r-devel-windows-x86_64 3.2-6 57.00 417.00 474.00 OK
r-patched-linux-x86_64 3.2-6 81.99 459.02 541.01 OK
r-release-linux-x86_64 3.2-6 55.02 441.54 496.56 OK
r-release-macos-arm64 3.2-6 165.00 NOTE
r-release-macos-x86_64 3.2-6 389.00 OK
r-release-windows-x86_64 3.2-6 77.00 523.00 600.00 OK
r-oldrel-macos-arm64 3.2-6 164.00 NOTE
r-oldrel-windows-x86_64 3.2-6 76.00 486.00 562.00 OK

Check Details

Version: 3.2-6
Check: installed package size
Result: NOTE installed size is 5.4Mb sub-directories of 1Mb or more: R 2.2Mb help 2.5Mb Flavors: r-release-macos-arm64, r-oldrel-macos-arm64