CRAN Package Check Results for Package spatsoc

Last updated on 2022-06-26 20:51:50 CEST.

Flavor Version Tinstall Tcheck Ttotal Status Flags
r-devel-linux-x86_64-debian-clang 0.1.16 4.52 128.09 132.61 NOTE
r-devel-linux-x86_64-debian-gcc 0.1.16 3.28 84.87 88.15 NOTE
r-devel-linux-x86_64-fedora-clang 0.1.16 143.90 NOTE
r-devel-linux-x86_64-fedora-gcc 0.1.16 138.41 NOTE
r-devel-windows-x86_64 0.1.16 21.00 136.00 157.00 NOTE
r-patched-linux-x86_64 0.1.16 4.52 102.59 107.11 NOTE
r-release-linux-x86_64 0.1.16 3.33 104.17 107.50 NOTE
r-release-macos-arm64 0.1.16 38.00 NOTE
r-release-macos-x86_64 0.1.16 54.00 NOTE
r-release-windows-x86_64 0.1.16 18.00 133.00 151.00 NOTE
r-oldrel-macos-arm64 0.1.16 53.00 NOTE
r-oldrel-macos-x86_64 0.1.16 86.00 NOTE
r-oldrel-windows-ix86+x86_64 0.1.16 10.00 136.00 146.00 NOTE

Check Details

Version: 0.1.16
Check: LazyData
Result: NOTE
     'LazyData' is specified without a 'data' directory
Flavors: r-devel-linux-x86_64-debian-clang, r-devel-linux-x86_64-debian-gcc, r-devel-linux-x86_64-fedora-clang, r-devel-linux-x86_64-fedora-gcc, r-devel-windows-x86_64, r-patched-linux-x86_64, r-release-linux-x86_64, r-release-macos-arm64, r-release-macos-x86_64, r-release-windows-x86_64, r-oldrel-macos-arm64, r-oldrel-macos-x86_64, r-oldrel-windows-ix86+x86_64