Last updated on 2023-10-04 14:04:01 CEST.
Flavor | Version | Tinstall | Tcheck | Ttotal | Status | Flags |
---|---|---|---|---|---|---|
r-devel-linux-x86_64-debian-clang | 0.2.2 | 4.56 | 129.87 | 134.43 | OK | |
r-devel-linux-x86_64-debian-gcc | 0.2.2 | 3.78 | 95.46 | 99.24 | OK | |
r-devel-linux-x86_64-fedora-clang | 0.2.2 | 176.86 | NOTE | |||
r-devel-linux-x86_64-fedora-gcc | 0.2.2 | 180.38 | OK | |||
r-devel-windows-x86_64 | 0.2.2 | 5.00 | 118.00 | 123.00 | OK | |
r-patched-linux-x86_64 | 0.2.2 | 5.58 | 128.81 | 134.39 | OK | |
r-release-linux-x86_64 | 0.2.2 | 4.88 | 129.54 | 134.42 | OK | |
r-release-macos-arm64 | 0.2.2 | 67.00 | OK | |||
r-release-macos-x86_64 | 0.2.2 | 120.00 | OK | |||
r-release-windows-x86_64 | 0.2.2 | 7.00 | 144.00 | 151.00 | OK | |
r-oldrel-macos-arm64 | 0.2.2 | 53.00 | OK | |||
r-oldrel-macos-x86_64 | 0.2.2 | 73.00 | OK | |||
r-oldrel-windows-x86_64 | 0.2.2 | 7.00 | 147.00 | 154.00 | OK |
Version: 0.2.2
Check: Rd cross-references
Result: NOTE
Undeclared package ‘sp’ in Rd xrefs
Flavor: r-devel-linux-x86_64-fedora-clang