Last updated on 2025-04-30 23:50:02 CEST.
Flavor | Version | Tinstall | Tcheck | Ttotal | Status | Flags |
---|---|---|---|---|---|---|
r-devel-linux-x86_64-debian-clang | 3.1.0 | 96.31 | 354.48 | 450.79 | NOTE | |
r-devel-linux-x86_64-debian-gcc | 3.1.0 | 62.91 | 253.24 | 316.15 | OK | |
r-devel-linux-x86_64-fedora-clang | 3.1.0 | 774.47 | OK | |||
r-devel-linux-x86_64-fedora-gcc | 3.1.0 | 750.22 | OK | |||
r-devel-windows-x86_64 | 3.1.0 | 110.00 | 804.00 | 914.00 | OK | |
r-patched-linux-x86_64 | 3.1.0 | 87.67 | 344.09 | 431.76 | OK | |
r-release-linux-x86_64 | 3.1.0 | 89.57 | 344.49 | 434.06 | OK | |
r-release-macos-arm64 | 3.1.0 | 208.00 | OK | |||
r-release-macos-x86_64 | 3.1.0 | 457.00 | OK | |||
r-release-windows-x86_64 | 3.1.0 | 111.00 | 808.00 | 919.00 | OK | |
r-oldrel-macos-arm64 | 3.1.0 | 209.00 | OK | |||
r-oldrel-macos-x86_64 | 3.1.0 | 515.00 | OK | |||
r-oldrel-windows-x86_64 | 3.1.0 | 120.00 | 815.00 | 935.00 | OK |
Version: 3.1.0
Check: examples
Result: NOTE
Examples with CPU (user + system) or elapsed time > 5s
user system elapsed
dda 4.18 0.217 5.47
Flavor: r-devel-linux-x86_64-debian-clang