CRAN Package Check Results for Package spatialprobit

Last updated on 2022-10-02 09:53:42 CEST.

Flavor Version Tinstall Tcheck Ttotal Status Flags
r-devel-linux-x86_64-debian-clang 1.0 12.74 158.19 170.93 NOTE
r-devel-linux-x86_64-debian-gcc 1.0 13.30 116.59 129.89 NOTE
r-devel-linux-x86_64-fedora-clang 1.0 219.00 NOTE
r-devel-linux-x86_64-fedora-gcc 1.0 216.55 NOTE
r-devel-windows-x86_64 1.0 50.00 188.00 238.00 NOTE
r-patched-linux-x86_64 1.0 18.73 143.49 162.22 OK
r-release-linux-x86_64 1.0 15.80 144.55 160.35 OK
r-release-macos-arm64 1.0 107.00 OK
r-release-macos-x86_64 1.0 148.00 OK
r-release-windows-x86_64 1.0 65.00 175.00 240.00 OK
r-oldrel-macos-arm64 1.0 102.00 OK
r-oldrel-macos-x86_64 1.0 154.00 OK
r-oldrel-windows-ix86+x86_64 1.0 36.00 159.00 195.00 OK

Check Details

Version: 1.0
Check: Rd files
Result: NOTE
    checkRd: (-1) sarorderedprobit.Rd:84: Escaped LaTeX specials: \#
Flavors: r-devel-linux-x86_64-debian-clang, r-devel-linux-x86_64-debian-gcc, r-devel-linux-x86_64-fedora-clang, r-devel-linux-x86_64-fedora-gcc, r-devel-windows-x86_64