CRAN Package Check Results for Package sparsereg

Last updated on 2022-05-24 11:50:17 CEST.

Flavor Version Tinstall Tcheck Ttotal Status Flags
r-devel-linux-x86_64-debian-clang 1.2 79.11 144.36 223.47 OK
r-devel-linux-x86_64-debian-gcc 1.2 61.61 106.68 168.29 OK
r-devel-linux-x86_64-fedora-clang 1.2 289.12 NOTE
r-devel-linux-x86_64-fedora-gcc 1.2 257.70 NOTE
r-devel-windows-x86_64 1.2 69.00 172.00 241.00 OK
r-patched-linux-x86_64 1.2 61.12 133.31 194.43 OK
r-release-linux-x86_64 1.2 OK
r-release-macos-arm64 1.2 67.00 OK
r-release-macos-x86_64 1.2 129.00 OK
r-release-windows-x86_64 1.2 75.00 174.00 249.00 OK
r-oldrel-macos-arm64 1.2 74.00 OK
r-oldrel-macos-x86_64 1.2 130.00 OK
r-oldrel-windows-ix86+x86_64 1.2 183.00 199.00 382.00 OK

Check Details

Version: 1.2
Check: compiled code
Result: NOTE
    File ‘sparsereg/libs/sparsereg.so’:
     Found no calls to: ‘R_registerRoutines’, ‘R_useDynamicSymbols’
    
    It is good practice to register native routines and to disable symbol
    search.
    
    See ‘Writing portable packages’ in the ‘Writing R Extensions’ manual.
Flavors: r-devel-linux-x86_64-fedora-clang, r-devel-linux-x86_64-fedora-gcc