CRAN Package Check Results for Package sparsereg

Last updated on 2021-12-08 09:53:44 CET.

Flavor Version Tinstall Tcheck Ttotal Status Flags
r-devel-linux-x86_64-debian-clang 1.2 73.25 152.10 225.35 OK
r-devel-linux-x86_64-debian-gcc 1.2 54.24 116.05 170.29 OK
r-devel-linux-x86_64-fedora-clang 1.2 295.59 NOTE
r-devel-linux-x86_64-fedora-gcc 1.2 273.43 NOTE
r-devel-windows-x86_64-new-UL 1.2 100.00 207.00 307.00 OK
r-devel-windows-x86_64-new-TK 1.2 OK
r-devel-windows-x86_64-old 1.2 102.00 144.00 246.00 OK
r-patched-linux-x86_64 1.2 64.03 143.64 207.67 OK
r-release-linux-x86_64 1.2 62.19 142.36 204.55 OK
r-release-macos-arm64 1.2 OK
r-release-macos-x86_64 1.2 OK
r-release-windows-ix86+x86_64 1.2 140.00 239.00 379.00 OK
r-oldrel-macos-x86_64 1.2 OK
r-oldrel-windows-ix86+x86_64 1.2 189.00 234.00 423.00 OK

Check Details

Version: 1.2
Check: compiled code
Result: NOTE
    File ‘sparsereg/libs/sparsereg.so’:
     Found no calls to: ‘R_registerRoutines’, ‘R_useDynamicSymbols’
    
    It is good practice to register native routines and to disable symbol
    search.
    
    See ‘Writing portable packages’ in the ‘Writing R Extensions’ manual.
Flavors: r-devel-linux-x86_64-fedora-clang, r-devel-linux-x86_64-fedora-gcc