Last updated on 2023-03-23 20:50:44 CET.
Flavor | Version | Tinstall | Tcheck | Ttotal | Status | Flags |
---|---|---|---|---|---|---|
r-devel-linux-x86_64-debian-clang | 0.1.2 | 7.26 | 68.55 | 75.81 | NOTE | |
r-devel-linux-x86_64-debian-gcc | 0.1.2 | 5.01 | 53.58 | 58.59 | NOTE | |
r-devel-linux-x86_64-fedora-clang | 0.1.2 | 96.36 | NOTE | |||
r-devel-linux-x86_64-fedora-gcc | 0.1.2 | 92.12 | NOTE | |||
r-patched-linux-x86_64 | 0.1.2 | 8.19 | 64.21 | 72.40 | NOTE | |
r-release-linux-x86_64 | 0.1.2 | 8.72 | 64.74 | 73.46 | NOTE | |
r-release-macos-arm64 | 0.1.2 | 33.00 | NOTE | |||
r-release-macos-x86_64 | 0.1.2 | 41.00 | NOTE | |||
r-release-windows-x86_64 | 0.1.2 | 11.00 | 107.00 | 118.00 | NOTE | |
r-oldrel-macos-arm64 | 0.1.2 | 34.00 | NOTE | |||
r-oldrel-macos-x86_64 | 0.1.2 | 55.00 | NOTE | |||
r-oldrel-windows-ix86+x86_64 | 0.1.2 | 17.00 | 88.00 | 105.00 | NOTE |
Version: 0.1.2
Check: LazyData
Result: NOTE
'LazyData' is specified without a 'data' directory
Flavors: r-devel-linux-x86_64-debian-clang, r-devel-linux-x86_64-debian-gcc, r-devel-linux-x86_64-fedora-clang, r-devel-linux-x86_64-fedora-gcc, r-patched-linux-x86_64, r-release-linux-x86_64, r-release-macos-arm64, r-release-macos-x86_64, r-release-windows-x86_64, r-oldrel-macos-arm64, r-oldrel-macos-x86_64, r-oldrel-windows-ix86+x86_64