Last updated on 2023-06-03 12:57:05 CEST.
Flavor | Version | Tinstall | Tcheck | Ttotal | Status | Flags |
---|---|---|---|---|---|---|
r-devel-linux-x86_64-debian-clang | 0.0.8 | 5.52 | 60.65 | 66.17 | NOTE | |
r-devel-linux-x86_64-debian-gcc | 0.0.8 | 3.54 | 45.20 | 48.74 | NOTE | |
r-devel-linux-x86_64-fedora-clang | 0.0.8 | 84.29 | NOTE | |||
r-devel-linux-x86_64-fedora-gcc | 0.0.8 | 75.92 | NOTE | |||
r-devel-windows-x86_64 | 0.0.8 | 6.00 | 70.00 | 76.00 | NOTE | |
r-patched-linux-x86_64 | 0.0.8 | NOTE | ||||
r-release-linux-x86_64 | 0.0.8 | 3.87 | 55.98 | 59.85 | NOTE | |
r-release-macos-arm64 | 0.0.8 | 30.00 | NOTE | |||
r-release-macos-x86_64 | 0.0.8 | 42.00 | NOTE | |||
r-release-windows-x86_64 | 0.0.8 | 6.00 | 72.00 | 78.00 | OK | |
r-oldrel-macos-arm64 | 0.0.8 | 28.00 | OK | |||
r-oldrel-macos-x86_64 | 0.0.8 | 40.00 | NOTE | |||
r-oldrel-windows-x86_64 | 0.0.8 | 6.00 | 69.00 | 75.00 | OK |
Version: 0.0.8
Check: Rd cross-references
Result: NOTE
Unknown package ‘sparsebn’ in Rd xrefs
Flavors: r-devel-linux-x86_64-debian-clang, r-devel-linux-x86_64-debian-gcc, r-devel-linux-x86_64-fedora-gcc, r-devel-windows-x86_64, r-patched-linux-x86_64, r-release-linux-x86_64, r-release-macos-arm64, r-release-macos-x86_64, r-oldrel-macos-x86_64
Version: 0.0.8
Check: Rd cross-references
Result: NOTE
Undeclared package ‘sparsebn’ in Rd xrefs
Unknown package ‘sparsebn’ in Rd xrefs
Flavor: r-devel-linux-x86_64-fedora-clang