CRAN Package Check Results for Package sparklyr

Last updated on 2022-06-25 12:54:35 CEST.

Flavor Version Tinstall Tcheck Ttotal Status Flags
r-devel-linux-x86_64-debian-clang 1.7.7 36.71 189.72 226.43 OK
r-devel-linux-x86_64-debian-gcc 1.7.7 30.61 138.15 168.76 OK
r-devel-linux-x86_64-fedora-clang 1.7.7 290.07 NOTE
r-devel-linux-x86_64-fedora-gcc 1.7.7 287.52 OK
r-devel-windows-x86_64 1.7.7 507.00 217.00 724.00 NOTE
r-patched-linux-x86_64 1.7.7 45.51 175.33 220.84 OK
r-release-linux-x86_64 1.7.7 35.90 172.46 208.36 OK
r-release-macos-arm64 1.7.7 74.00 NOTE
r-release-macos-x86_64 1.7.7 95.00 NOTE
r-release-windows-x86_64 1.7.7 547.00 223.00 770.00 NOTE
r-oldrel-macos-arm64 1.7.7 66.00 NOTE
r-oldrel-macos-x86_64 1.7.7 101.00 NOTE
r-oldrel-windows-ix86+x86_64 1.7.7 66.00 215.00 281.00 NOTE

Check Details

Version: 1.7.7
Check: package dependencies
Result: NOTE
    Imports includes 29 non-default packages.
    Importing from so many packages makes the package vulnerable to any of
    them becoming unavailable. Move as many as possible to Suggests and
    use conditionally.
Flavor: r-devel-linux-x86_64-fedora-clang

Version: 1.7.7
Check: installed package size
Result: NOTE
     installed size is 6.3Mb
     sub-directories of 1Mb or more:
     R 1.6Mb
     java 3.4Mb
Flavors: r-devel-linux-x86_64-fedora-clang, r-devel-windows-x86_64, r-release-macos-arm64, r-release-macos-x86_64, r-release-windows-x86_64, r-oldrel-macos-arm64, r-oldrel-macos-x86_64, r-oldrel-windows-ix86+x86_64