Last updated on 2023-03-22 12:54:02 CET.
Flavor | Version | Tinstall | Tcheck | Ttotal | Status | Flags |
---|---|---|---|---|---|---|
r-devel-linux-x86_64-debian-clang | 1.2.1 | 12.02 | 95.51 | 107.53 | OK | |
r-devel-linux-x86_64-debian-gcc | 1.2.1 | 8.98 | 73.05 | 82.03 | OK | |
r-devel-linux-x86_64-fedora-clang | 1.2.1 | 133.48 | NOTE | |||
r-devel-linux-x86_64-fedora-gcc | 1.2.1 | 137.25 | NOTE | |||
r-patched-linux-x86_64 | 1.2.1 | 11.00 | 83.67 | 94.67 | OK | |
r-release-linux-x86_64 | 1.2.1 | 9.78 | 82.69 | 92.47 | OK | |
r-release-macos-arm64 | 1.2.1 | 34.00 | NOTE | |||
r-release-macos-x86_64 | 1.2.1 | 52.00 | NOTE | |||
r-release-windows-x86_64 | 1.2.1 | 29.00 | 112.00 | 141.00 | OK | |
r-oldrel-macos-arm64 | 1.2.1 | 43.00 | NOTE | |||
r-oldrel-macos-x86_64 | 1.2.1 | 61.00 | NOTE | |||
r-oldrel-windows-ix86+x86_64 | 1.2.1 | 23.00 | 106.00 | 129.00 | OK |
Version: 1.2.1
Check: data for non-ASCII characters
Result: NOTE
Note: found 1 marked UTF-8 string
Flavors: r-devel-linux-x86_64-fedora-clang, r-devel-linux-x86_64-fedora-gcc, r-release-macos-arm64, r-release-macos-x86_64, r-oldrel-macos-arm64, r-oldrel-macos-x86_64