CRAN Package Check Results for Package spacyr

Last updated on 2019-08-19 22:47:17 CEST.

Flavor Version Tinstall Tcheck Ttotal Status Flags
r-devel-linux-x86_64-debian-clang 1.2 3.81 38.94 42.75 OK
r-devel-linux-x86_64-debian-gcc 1.2 2.81 29.85 32.66 OK
r-devel-linux-x86_64-fedora-clang 1.2 50.70 NOTE
r-devel-linux-x86_64-fedora-gcc 1.2 53.98 NOTE
r-devel-windows-ix86+x86_64 1.2 14.00 59.00 73.00 OK
r-patched-linux-x86_64 1.2 4.23 36.38 40.61 OK
r-patched-solaris-x86 1.2 75.20 ERROR
r-release-linux-x86_64 1.2 3.34 37.13 40.47 OK
r-release-windows-ix86+x86_64 1.2 8.00 50.00 58.00 OK
r-release-osx-x86_64 1.2 NOTE
r-oldrel-windows-ix86+x86_64 1.2 9.00 67.00 76.00 OK
r-oldrel-osx-x86_64 1.2 NOTE

Check Details

Version: 1.2
Check: data for non-ASCII characters
Result: NOTE
     Note: found 1 marked UTF-8 string
Flavors: r-devel-linux-x86_64-fedora-clang, r-devel-linux-x86_64-fedora-gcc, r-patched-solaris-x86, r-release-osx-x86_64, r-oldrel-osx-x86_64

Version: 1.2
Check: tests
Result: ERROR
     Running ‘lint.R’
     Running ‘spelling.R’
     Running ‘testthat.R’
    Running the tests in ‘tests/testthat.R’ failed.
    Complete output:
     > Sys.setenv("R_TESTS" = "")
     >
     > library("testthat")
     > library("spacyr")
     >
     > test_check("spacyr")
     ── 1. Error: spacy_parse handles numbers/tibbles correctly (@test-2-spacy_parse.
     error in running command: 'Illegal seek'
     1: skip_if_no_python_or_no_spacy() at testthat/test-2-spacy_parse.R:165
     2: find_spacy(ask = FALSE)
     3: check_spacy_model(py_exec, model)
     4: tryCatch({
     sys_message <- system2(py_exec, c(sprintf("-c \"import spacy; spacy.load('%s'); print('OK')\"",
     model)), stderr = TRUE, stdout = TRUE)
     })
     5: tryCatchList(expr, classes, parentenv, handlers)
     6: system2(py_exec, c(sprintf("-c \"import spacy; spacy.load('%s'); print('OK')\"",
     model)), stderr = TRUE, stdout = TRUE)
    
     ══ testthat results ═══════════════════════════════════════════════════════════
     [ OK: 0 | SKIPPED: 51 | WARNINGS: 0 | FAILED: 1 ]
     1. Error: spacy_parse handles numbers/tibbles correctly (@test-2-spacy_parse.R#165)
    
     Error: testthat unit tests failed
     Execution halted
Flavor: r-patched-solaris-x86