CRAN Package Check Results for Package spacyr

Last updated on 2018-09-25 05:48:47 CEST.

Flavor Version Tinstall Tcheck Ttotal Status Flags
r-devel-linux-x86_64-debian-clang 0.9.91 2.42 30.87 33.29 OK
r-devel-linux-x86_64-debian-gcc 0.9.91 2.19 25.12 27.31 OK
r-devel-linux-x86_64-fedora-clang 0.9.91 41.32 NOTE
r-devel-linux-x86_64-fedora-gcc 0.9.91 40.10 NOTE
r-devel-windows-ix86+x86_64 0.9.91 9.00 42.00 51.00 OK
r-patched-linux-x86_64 0.9.91 2.44 27.58 30.02 OK
r-patched-solaris-x86 0.9.91 66.40 NOTE
r-release-linux-x86_64 0.9.91 2.47 27.79 30.26 OK
r-release-windows-ix86+x86_64 0.9.91 6.00 55.00 61.00 OK
r-release-osx-x86_64 0.9.91 NOTE
r-oldrel-windows-ix86+x86_64 0.9.91 4.00 50.00 54.00 OK
r-oldrel-osx-x86_64 0.9.91 NOTE

Check Details

Version: 0.9.91
Check: data for non-ASCII characters
Result: NOTE
     Note: found 1 marked UTF-8 string
Flavors: r-devel-linux-x86_64-fedora-clang, r-devel-linux-x86_64-fedora-gcc, r-patched-solaris-x86, r-release-osx-x86_64, r-oldrel-osx-x86_64