CRAN Package Check Results for Package spacyr

Last updated on 2019-02-19 13:53:18 CET.

Flavor Version Tinstall Tcheck Ttotal Status Flags
r-devel-linux-x86_64-debian-clang 1.0 2.54 35.97 38.51 OK
r-devel-linux-x86_64-debian-gcc 1.0 2.30 28.39 30.69 OK
r-devel-linux-x86_64-fedora-clang 1.0 48.56 NOTE
r-devel-linux-x86_64-fedora-gcc 1.0 47.42 NOTE
r-devel-windows-ix86+x86_64 1.0 9.00 71.00 80.00 OK
r-patched-linux-x86_64 1.0 2.72 33.99 36.71 OK
r-patched-solaris-x86 1.0 63.20 NOTE
r-release-linux-x86_64 1.0 2.84 33.66 36.50 OK
r-release-windows-ix86+x86_64 1.0 5.00 66.00 71.00 OK
r-release-osx-x86_64 1.0 NOTE
r-oldrel-windows-ix86+x86_64 1.0 6.00 66.00 72.00 OK
r-oldrel-osx-x86_64 1.0 NOTE

Check Details

Version: 1.0
Check: data for non-ASCII characters
Result: NOTE
     Note: found 1 marked UTF-8 string
Flavors: r-devel-linux-x86_64-fedora-clang, r-devel-linux-x86_64-fedora-gcc, r-patched-solaris-x86, r-release-osx-x86_64, r-oldrel-osx-x86_64