CRAN Package Check Results for Package spacyr

Last updated on 2019-04-24 16:53:19 CEST.

Flavor Version Tinstall Tcheck Ttotal Status Flags
r-devel-linux-x86_64-debian-clang 1.0 3.54 35.70 39.24 OK
r-devel-linux-x86_64-debian-gcc 1.0 2.89 28.20 31.09 OK
r-devel-linux-x86_64-fedora-clang 1.0 37.57 NOTE
r-devel-linux-x86_64-fedora-gcc 1.0 48.07 NOTE
r-devel-windows-ix86+x86_64 1.0 9.00 44.00 53.00 OK
r-patched-linux-x86_64 1.0 2.97 35.70 38.67 OK
r-patched-solaris-x86 1.0 68.10 NOTE
r-release-linux-x86_64 1.0 2.49 33.68 36.17 OK
r-release-windows-ix86+x86_64 1.0 5.00 59.00 64.00 OK
r-release-osx-x86_64 1.0 NOTE
r-oldrel-windows-ix86+x86_64 1.0 4.00 47.00 51.00 OK
r-oldrel-osx-x86_64 1.0 NOTE

Check Details

Version: 1.0
Check: data for non-ASCII characters
Result: NOTE
     Note: found 1 marked UTF-8 string
Flavors: r-devel-linux-x86_64-fedora-clang, r-devel-linux-x86_64-fedora-gcc, r-patched-solaris-x86, r-release-osx-x86_64, r-oldrel-osx-x86_64