CRAN Package Check Results for Package spacyr

Last updated on 2018-12-13 13:47:43 CET.

Flavor Version Tinstall Tcheck Ttotal Status Flags
r-devel-linux-x86_64-debian-clang 0.9.91 2.09 29.43 31.52 OK
r-devel-linux-x86_64-debian-gcc 0.9.91 2.26 24.03 26.29 OK
r-devel-linux-x86_64-fedora-clang 0.9.91 39.19 NOTE
r-devel-linux-x86_64-fedora-gcc 0.9.91 39.61 NOTE
r-devel-windows-ix86+x86_64 0.9.91 6.00 59.00 65.00 OK
r-patched-linux-x86_64 0.9.91 1.90 28.06 29.96 OK
r-patched-solaris-x86 0.9.91 61.60 NOTE
r-release-linux-x86_64 0.9.91 2.32 27.80 30.12 OK
r-release-windows-ix86+x86_64 0.9.91 7.00 57.00 64.00 OK
r-release-osx-x86_64 0.9.91 NOTE
r-oldrel-windows-ix86+x86_64 0.9.91 3.00 42.00 45.00 OK
r-oldrel-osx-x86_64 0.9.91 NOTE

Check Details

Version: 0.9.91
Check: data for non-ASCII characters
Result: NOTE
     Note: found 1 marked UTF-8 string
Flavors: r-devel-linux-x86_64-fedora-clang, r-devel-linux-x86_64-fedora-gcc, r-patched-solaris-x86, r-release-osx-x86_64, r-oldrel-osx-x86_64