CRAN Package Check Results for Package spacyr

Last updated on 2022-06-28 06:52:00 CEST.

Flavor Version Tinstall Tcheck Ttotal Status Flags
r-devel-linux-x86_64-debian-clang 1.2.1 8.98 86.70 95.68 OK
r-devel-linux-x86_64-debian-gcc 1.2.1 7.19 64.85 72.04 OK
r-devel-linux-x86_64-fedora-clang 1.2.1 126.45 NOTE
r-devel-linux-x86_64-fedora-gcc 1.2.1 126.04 NOTE
r-devel-windows-x86_64 1.2.1 36.00 107.00 143.00 OK
r-patched-linux-x86_64 1.2.1 11.81 81.59 93.40 OK
r-release-linux-x86_64 1.2.1 11.34 81.97 93.31 OK
r-release-macos-arm64 1.2.1 34.00 NOTE
r-release-macos-x86_64 1.2.1 52.00 NOTE
r-release-windows-x86_64 1.2.1 35.00 110.00 145.00 OK
r-oldrel-macos-arm64 1.2.1 43.00 NOTE
r-oldrel-macos-x86_64 1.2.1 61.00 NOTE
r-oldrel-windows-ix86+x86_64 1.2.1 23.00 103.00 126.00 OK

Check Details

Version: 1.2.1
Check: data for non-ASCII characters
Result: NOTE
     Note: found 1 marked UTF-8 string
Flavors: r-devel-linux-x86_64-fedora-clang, r-devel-linux-x86_64-fedora-gcc, r-release-macos-arm64, r-release-macos-x86_64, r-oldrel-macos-arm64, r-oldrel-macos-x86_64