CRAN Package Check Results for Package spacyr

Last updated on 2018-07-20 20:49:59 CEST.

Flavor Version Tinstall Tcheck Ttotal Status Flags
r-devel-linux-x86_64-debian-clang 0.9.91 2.39 30.93 33.32 OK
r-devel-linux-x86_64-debian-gcc 0.9.91 2.08 24.54 26.62 OK
r-devel-linux-x86_64-fedora-clang 0.9.91 40.29 NOTE
r-devel-linux-x86_64-fedora-gcc 0.9.91 26.70 NOTE
r-devel-windows-ix86+x86_64 0.9.91 5.00 39.00 44.00 OK
r-patched-linux-x86_64 0.9.91 2.64 27.86 30.50 OK
r-patched-solaris-x86 0.9.91 67.70 NOTE
r-release-linux-x86_64 0.9.91 1.76 27.77 29.53 OK
r-release-windows-ix86+x86_64 0.9.91 6.00 51.00 57.00 OK
r-release-osx-x86_64 0.9.91 NOTE
r-oldrel-windows-ix86+x86_64 0.9.91 5.00 50.00 55.00 OK
r-oldrel-osx-x86_64 0.9.91 NOTE

Check Details

Version: 0.9.91
Check: data for non-ASCII characters
Result: NOTE
     Note: found 1 marked UTF-8 string
Flavors: r-devel-linux-x86_64-fedora-clang, r-devel-linux-x86_64-fedora-gcc, r-patched-solaris-x86, r-release-osx-x86_64, r-oldrel-osx-x86_64