CRAN Package Check Results for Package spacyr

Last updated on 2020-11-23 16:47:59 CET.

Flavor Version Tinstall Tcheck Ttotal Status Flags
r-devel-linux-x86_64-debian-clang 1.2.1 12.48 82.72 95.20 OK
r-devel-linux-x86_64-debian-gcc 1.2.1 8.75 63.94 72.69 OK
r-devel-linux-x86_64-fedora-clang 1.2.1 123.63 NOTE
r-devel-linux-x86_64-fedora-gcc 1.2.1 107.41 NOTE
r-devel-windows-ix86+x86_64 1.2.1 20.00 71.00 91.00 OK
r-patched-linux-x86_64 1.2.1 12.93 80.59 93.52 OK
r-patched-solaris-x86 1.2.1 154.80 NOTE
r-release-linux-x86_64 1.2.1 10.16 77.35 87.51 OK
r-release-macos-x86_64 1.2.1 NOTE
r-release-windows-ix86+x86_64 1.2.1 18.00 87.00 105.00 OK
r-oldrel-macos-x86_64 1.2.1 NOTE
r-oldrel-windows-ix86+x86_64 1.2.1 11.00 64.00 75.00 OK

Check Details

Version: 1.2.1
Check: data for non-ASCII characters
Result: NOTE
     Note: found 1 marked UTF-8 string
Flavors: r-devel-linux-x86_64-fedora-clang, r-devel-linux-x86_64-fedora-gcc, r-patched-solaris-x86, r-release-macos-x86_64, r-oldrel-macos-x86_64