CRAN Package Check Results for Package spacefillr

Last updated on 2022-06-28 15:53:29 CEST.

Flavor Version Tinstall Tcheck Ttotal Status Flags
r-devel-linux-x86_64-debian-clang 0.3.0 32.37 29.74 62.11 OK
r-devel-linux-x86_64-debian-gcc 0.3.0 23.67 23.63 47.30 OK
r-devel-linux-x86_64-fedora-clang 0.3.0 101.72 NOTE
r-devel-linux-x86_64-fedora-gcc 0.3.0 83.21 OK
r-devel-windows-x86_64 0.3.0 39.00 78.00 117.00 OK
r-patched-linux-x86_64 0.3.0 27.57 29.36 56.93 OK
r-release-linux-x86_64 0.3.0 26.10 28.73 54.83 OK
r-release-macos-arm64 0.3.0 25.00 NOTE
r-release-macos-x86_64 0.3.0 38.00 NOTE
r-release-windows-x86_64 0.3.0 51.00 78.00 129.00 OK
r-oldrel-macos-arm64 0.3.0 29.00 NOTE
r-oldrel-macos-x86_64 0.3.0 35.00 NOTE
r-oldrel-windows-ix86+x86_64 0.3.0 75.00 79.00 154.00 NOTE

Check Details

Version: 0.3.0
Check: installed package size
Result: NOTE
     installed size is 5.2Mb
     sub-directories of 1Mb or more:
     include 2.2Mb
     libs 2.9Mb
Flavors: r-devel-linux-x86_64-fedora-clang, r-release-macos-arm64, r-release-macos-x86_64, r-oldrel-macos-arm64, r-oldrel-macos-x86_64, r-oldrel-windows-ix86+x86_64