Last updated on 2023-02-06 09:55:58 CET.
Flavor | Version | Tinstall | Tcheck | Ttotal | Status | Flags |
---|---|---|---|---|---|---|
r-devel-linux-x86_64-debian-clang | 0.3.2 | 33.78 | 29.86 | 63.64 | OK | |
r-devel-linux-x86_64-debian-gcc | 0.3.2 | 26.29 | 23.46 | 49.75 | OK | |
r-devel-linux-x86_64-fedora-clang | 0.3.2 | 89.14 | OK | |||
r-devel-linux-x86_64-fedora-gcc | 0.3.2 | 80.82 | OK | |||
r-devel-windows-x86_64 | 0.3.2 | 65.00 | 80.00 | 145.00 | OK | |
r-patched-linux-x86_64 | 0.3.2 | 25.20 | 30.23 | 55.43 | OK | |
r-release-linux-x86_64 | 0.3.2 | 26.72 | 29.76 | 56.48 | OK | |
r-release-macos-arm64 | 0.3.2 | 32.00 | NOTE | |||
r-release-macos-x86_64 | 0.3.2 | 36.00 | NOTE | |||
r-release-windows-x86_64 | 0.3.2 | 51.00 | 85.00 | 136.00 | OK | |
r-oldrel-macos-arm64 | 0.3.2 | 32.00 | NOTE | |||
r-oldrel-macos-x86_64 | 0.3.2 | 39.00 | NOTE | |||
r-oldrel-windows-ix86+x86_64 | 0.3.2 | 79.00 | 89.00 | 168.00 | NOTE |
Version: 0.3.2
Check: installed package size
Result: NOTE
installed size is 5.3Mb
sub-directories of 1Mb or more:
include 2.1Mb
libs 3.1Mb
Flavors: r-release-macos-arm64, r-release-macos-x86_64, r-oldrel-macos-arm64, r-oldrel-macos-x86_64, r-oldrel-windows-ix86+x86_64