Last updated on 2023-12-08 15:54:20 CET.
Flavor | Version | Tinstall | Tcheck | Ttotal | Status | Flags |
---|---|---|---|---|---|---|
r-devel-linux-x86_64-debian-clang | 3.3.2 | 28.41 | 107.78 | 136.19 | NOTE | |
r-devel-linux-x86_64-debian-gcc | 3.3.2 | 24.23 | 79.85 | 104.08 | NOTE | |
r-devel-linux-x86_64-fedora-clang | 3.3.2 | 176.74 | OK | |||
r-devel-linux-x86_64-fedora-gcc | 3.3.2 | 172.99 | OK | |||
r-devel-windows-x86_64 | 3.3.2 | 28.00 | 94.00 | 122.00 | OK | |
r-patched-linux-x86_64 | 3.3.2 | 23.87 | 105.34 | 129.21 | OK | |
r-release-linux-x86_64 | 3.3.2 | 27.18 | 104.98 | 132.16 | OK | |
r-release-macos-arm64 | 3.3.2 | 49.00 | OK | |||
r-release-macos-x86_64 | 3.3.2 | 86.00 | OK | |||
r-release-windows-x86_64 | 3.3.2 | 37.00 | 116.00 | 153.00 | OK | |
r-oldrel-macos-arm64 | 3.3.2 | 46.00 | OK | |||
r-oldrel-macos-x86_64 | 3.3.2 | 63.00 | OK | |||
r-oldrel-windows-x86_64 | 3.3.2 | 35.00 | 113.00 | 148.00 | OK |
Version: 3.3.2
Check: Rd files
Result: NOTE
checkRd: (-1) predict.spT.Rd:36: Lost braces
36 | \item{...}{Other values "obsData", "fittedData" and "residuals" are provided only for temporal prediction. This is to analyse the code{spTimer} forecast output using package \code{forecast} through function \code{\link{as.forecast.object}}.}
| ^
Flavors: r-devel-linux-x86_64-debian-clang, r-devel-linux-x86_64-debian-gcc