Last updated on 2023-06-07 16:55:44 CEST.
Flavor | Version | Tinstall | Tcheck | Ttotal | Status | Flags |
---|---|---|---|---|---|---|
r-devel-linux-x86_64-debian-clang | 0.6.1 | 117.44 | 331.52 | 448.96 | OK | |
r-devel-linux-x86_64-debian-gcc | 0.6.1 | 98.84 | 239.72 | 338.56 | OK | |
r-devel-linux-x86_64-fedora-clang | 0.6.1 | 637.94 | OK | |||
r-devel-linux-x86_64-fedora-gcc | 0.6.1 | 560.08 | OK | |||
r-devel-windows-x86_64 | 0.6.1 | 103.00 | 269.00 | 372.00 | OK | |
r-patched-linux-x86_64 | 0.6.1 | 97.39 | 311.01 | 408.40 | OK | |
r-release-linux-x86_64 | 0.6.1 | 104.07 | 306.52 | 410.59 | OK | |
r-release-macos-arm64 | 0.6.1 | 129.00 | NOTE | |||
r-release-macos-x86_64 | 0.6.1 | 241.00 | NOTE | |||
r-release-windows-x86_64 | 0.6.1 | 130.00 | 329.00 | 459.00 | OK | |
r-oldrel-macos-arm64 | 0.6.1 | 100.00 | NOTE | |||
r-oldrel-macos-x86_64 | 0.6.1 | 158.00 | OK | |||
r-oldrel-windows-x86_64 | 0.6.1 | 120.00 | 314.00 | 434.00 | OK |
Version: 0.6.1
Check: installed package size
Result: NOTE
installed size is 5.4Mb
sub-directories of 1Mb or more:
R 2.1Mb
libs 2.2Mb
Flavors: r-release-macos-arm64, r-release-macos-x86_64, r-oldrel-macos-arm64