CRAN Package Check Results for Package spOccupancy

Last updated on 2022-12-08 08:53:32 CET.

Flavor Version Tinstall Tcheck Ttotal Status Flags
r-devel-linux-x86_64-debian-clang 0.5.0 101.73 302.17 403.90 OK
r-devel-linux-x86_64-debian-gcc 0.5.0 86.92 334.76 421.68 OK
r-devel-linux-x86_64-fedora-clang 0.5.0 550.57 OK
r-devel-linux-x86_64-fedora-gcc 0.5.0 512.71 OK
r-devel-windows-x86_64 0.5.0 154.00 699.00 853.00 OK
r-patched-linux-x86_64 0.5.0 99.36 286.51 385.87 OK
r-release-linux-x86_64 0.5.0 84.87 282.42 367.29 OK
r-release-macos-arm64 0.5.0 148.00 NOTE
r-release-macos-x86_64 0.5.0 154.00 OK
r-release-windows-x86_64 0.5.0 161.00 346.00 507.00 OK
r-oldrel-macos-arm64 0.5.0 123.00 NOTE
r-oldrel-macos-x86_64 0.5.0 155.00 OK
r-oldrel-windows-ix86+x86_64 0.5.0 209.00 444.00 653.00 ERROR

Check Details

Version: 0.5.0
Check: installed package size
Result: NOTE
     installed size is 5.2Mb
     sub-directories of 1Mb or more:
     R 2.0Mb
     libs 2.1Mb
Flavors: r-release-macos-arm64, r-oldrel-macos-arm64, r-oldrel-windows-ix86+x86_64

Version: 0.5.0
Check: PDF version of manual
Result: WARN
    LaTeX errors when creating PDF version.
    This typically indicates Rd problems.
    LaTeX errors found:
    ! Package inputenc Error: Unicode char â<c2><80><c2><90> (U+2010)
    (inputenc) not set up for use with LaTeX.
    
    See the inputenc package documentation for explanation.
    Type H <return> for immediate help.
    ! Package inputenc Error: Unicode char â<c2><80><c2><90> (U+2010)
    (inputenc) not set up for use with LaTeX.
    
    See the inputenc package documentation for explanation.
    Type H <return> for immediate help.
Flavor: r-oldrel-windows-ix86+x86_64

Version: 0.5.0
Check: PDF version of manual without hyperrefs or index
Result: ERROR
Flavor: r-oldrel-windows-ix86+x86_64