CRAN Package Check Results for Package spNNGP

Last updated on 2022-12-02 06:51:27 CET.

Flavor Version Tinstall Tcheck Ttotal Status Flags
r-devel-linux-x86_64-debian-clang 1.0.0 20.48 49.33 69.81 OK
r-devel-linux-x86_64-debian-gcc 1.0.0 14.41 37.63 52.04 OK
r-devel-linux-x86_64-fedora-clang 1.0.0 109.63 OK
r-devel-linux-x86_64-fedora-gcc 1.0.0 90.20 OK
r-devel-windows-x86_64 1.0.0 34.00 104.00 138.00 OK
r-patched-linux-x86_64 1.0.0 15.89 44.88 60.77 OK
r-release-linux-x86_64 1.0.0 14.10 47.66 61.76 OK
r-release-macos-arm64 1.0.0 30.00 OK
r-release-macos-x86_64 1.0.0 41.00 OK
r-release-windows-x86_64 1.0.0 33.00 103.00 136.00 OK
r-oldrel-macos-arm64 1.0.0 30.00 OK
r-oldrel-macos-x86_64 1.0.0 45.00 OK
r-oldrel-windows-ix86+x86_64 1.0.0 47.00 102.00 149.00 NOTE

Check Details

Version: 1.0.0
Check: installed package size
Result: NOTE
     installed size is 5.4Mb
     sub-directories of 1Mb or more:
     data 3.0Mb
     libs 2.1Mb
Flavor: r-oldrel-windows-ix86+x86_64