CRAN Package Check Results for Package spMaps

Last updated on 2022-08-16 17:53:38 CEST.

Flavor Version Tinstall Tcheck Ttotal Status Flags
r-devel-linux-x86_64-debian-clang 0.4.0 32.56 278.11 310.67 NOTE
r-devel-linux-x86_64-debian-gcc 0.4.0 25.61 205.69 231.30 NOTE
r-devel-linux-x86_64-fedora-clang 0.4.0 375.15 NOTE
r-devel-linux-x86_64-fedora-gcc 0.4.0 369.56 NOTE
r-devel-windows-x86_64 0.4.0 30.00 262.00 292.00 NOTE
r-patched-linux-x86_64 0.4.0 28.90 262.20 291.10 NOTE
r-release-linux-x86_64 0.4.0 29.53 265.37 294.90 NOTE
r-release-macos-arm64 0.4.0 83.00 NOTE
r-release-macos-x86_64 0.4.0 112.00 NOTE
r-release-windows-x86_64 0.4.0 31.00 257.00 288.00 NOTE
r-oldrel-macos-arm64 0.4.0 55.00 NOTE
r-oldrel-macos-x86_64 0.4.0 93.00 NOTE
r-oldrel-windows-ix86+x86_64 0.4.0 66.00 269.00 335.00 NOTE

Check Details

Version: 0.4.0
Check: LazyData
Result: NOTE
     'LazyData' is specified without a 'data' directory
Flavors: r-devel-linux-x86_64-debian-clang, r-devel-linux-x86_64-debian-gcc, r-devel-linux-x86_64-fedora-clang, r-devel-linux-x86_64-fedora-gcc, r-devel-windows-x86_64, r-patched-linux-x86_64, r-release-linux-x86_64, r-release-macos-arm64, r-release-macos-x86_64, r-release-windows-x86_64, r-oldrel-macos-arm64, r-oldrel-macos-x86_64, r-oldrel-windows-ix86+x86_64

Version: 0.4.0
Check: package dependencies
Result: NOTE
    Package suggested but not available for checking: ‘antaresViz’
Flavors: r-release-macos-arm64, r-oldrel-macos-arm64

Version: 0.4.0
Check: Rd cross-references
Result: NOTE
    Package unavailable to check Rd xrefs: ‘antaresViz’
Flavors: r-release-macos-arm64, r-oldrel-macos-arm64