Last updated on 2022-05-28 17:50:48 CEST.
Flavor | Version | Tinstall | Tcheck | Ttotal | Status | Flags |
---|---|---|---|---|---|---|
r-devel-linux-x86_64-debian-clang | 1.0.0 | 11.26 | 131.89 | 143.15 | NOTE | |
r-devel-linux-x86_64-debian-gcc | 1.0.0 | 10.48 | 96.51 | 106.99 | NOTE | |
r-devel-linux-x86_64-fedora-clang | 1.0.0 | 166.29 | NOTE | |||
r-devel-linux-x86_64-fedora-gcc | 1.0.0 | 152.61 | NOTE | |||
r-devel-windows-x86_64 | 1.0.0 | 19.00 | 172.00 | 191.00 | NOTE | |
r-patched-linux-x86_64 | 1.0.0 | 10.44 | 121.71 | 132.15 | NOTE | |
r-release-linux-x86_64 | 1.0.0 | 12.36 | 122.85 | 135.21 | NOTE | |
r-release-macos-arm64 | 1.0.0 | 68.00 | NOTE | |||
r-release-macos-x86_64 | 1.0.0 | 116.00 | NOTE | |||
r-release-windows-x86_64 | 1.0.0 | 21.00 | 174.00 | 195.00 | NOTE | |
r-oldrel-macos-arm64 | 1.0.0 | 79.00 | NOTE | |||
r-oldrel-macos-x86_64 | 1.0.0 | 115.00 | NOTE | |||
r-oldrel-windows-ix86+x86_64 | 1.0.0 | 28.00 | 176.00 | 204.00 | NOTE |
Version: 1.0.0
Check: LazyData
Result: NOTE
'LazyData' is specified without a 'data' directory
Flavors: r-devel-linux-x86_64-debian-clang, r-devel-linux-x86_64-debian-gcc, r-devel-linux-x86_64-fedora-clang, r-devel-linux-x86_64-fedora-gcc, r-devel-windows-x86_64, r-patched-linux-x86_64, r-release-linux-x86_64, r-release-macos-arm64, r-release-macos-x86_64, r-release-windows-x86_64, r-oldrel-macos-arm64, r-oldrel-macos-x86_64, r-oldrel-windows-ix86+x86_64
Version: 1.0.0
Check: dependencies in R code
Result: NOTE
Namespaces in Imports field not imported from:
‘class’ ‘mlbench’
All declared Imports should be used.
Flavors: r-devel-linux-x86_64-fedora-clang, r-devel-linux-x86_64-fedora-gcc, r-release-macos-arm64, r-release-macos-x86_64, r-oldrel-macos-arm64, r-oldrel-macos-x86_64