CRAN Package Check Results for Package spBayesSurv

Last updated on 2021-12-05 22:49:06 CET.

Flavor Version Tinstall Tcheck Ttotal Status Flags
r-devel-linux-x86_64-debian-clang 1.1.5 480.66 96.64 577.30 OK
r-devel-linux-x86_64-debian-gcc 1.1.5 372.55 75.58 448.13 OK
r-devel-linux-x86_64-fedora-clang 1.1.5 897.05 NOTE
r-devel-linux-x86_64-fedora-gcc 1.1.5 812.50 NOTE
r-devel-windows-x86_64-new-UL 1.1.5 566.00 175.00 741.00 OK
r-devel-windows-x86_64-new-TK 1.1.5 NOTE
r-devel-windows-x86_64-old 1.1.5 577.00 107.00 684.00 OK
r-patched-linux-x86_64 1.1.5 383.89 86.39 470.28 OK
r-release-linux-x86_64 1.1.5 408.01 94.58 502.59 OK
r-release-macos-arm64 1.1.5 NOTE
r-release-macos-x86_64 1.1.5 NOTE
r-release-windows-ix86+x86_64 1.1.5 1131.00 183.00 1314.00 NOTE
r-oldrel-macos-x86_64 1.1.5 NOTE
r-oldrel-windows-ix86+x86_64 1.1.5 1132.00 189.00 1321.00 NOTE

Check Details

Version: 1.1.5
Check: installed package size
Result: NOTE
     installed size is 28.0Mb
     sub-directories of 1Mb or more:
     libs 27.2Mb
Flavors: r-devel-linux-x86_64-fedora-clang, r-release-macos-arm64, r-release-macos-x86_64, r-release-windows-ix86+x86_64, r-oldrel-macos-x86_64, r-oldrel-windows-ix86+x86_64

Version: 1.1.5
Check: dependencies in R code
Result: NOTE
    Namespace in Imports field not imported from: ‘MASS’
     All declared Imports should be used.
Flavors: r-devel-linux-x86_64-fedora-clang, r-devel-linux-x86_64-fedora-gcc, r-devel-windows-x86_64-new-TK, r-release-macos-arm64, r-release-macos-x86_64, r-oldrel-macos-x86_64