CRAN Package Check Results for Package spBFA

Last updated on 2021-12-08 07:51:06 CET.

Flavor Version Tinstall Tcheck Ttotal Status Flags
r-devel-linux-x86_64-debian-clang 1.1 228.96 90.30 319.26 OK
r-devel-linux-x86_64-debian-gcc 1.1 169.29 70.17 239.46 OK
r-devel-linux-x86_64-fedora-clang 1.1 492.40 NOTE
r-devel-linux-x86_64-fedora-gcc 1.1 437.52 OK
r-devel-windows-x86_64-new-UL 1.1 299.00 157.00 456.00 OK
r-devel-windows-x86_64-new-TK 1.1 OK
r-devel-windows-x86_64-old 1.1 307.00 89.00 396.00 OK
r-patched-linux-x86_64 1.1 206.45 88.09 294.54 OK
r-release-linux-x86_64 1.1 206.00 87.13 293.13 OK
r-release-macos-arm64 1.1 NOTE
r-release-macos-x86_64 1.1 NOTE
r-release-windows-ix86+x86_64 1.1 420.00 144.00 564.00 NOTE
r-oldrel-macos-x86_64 1.1 NOTE
r-oldrel-windows-ix86+x86_64 1.1 589.00 150.00 739.00 NOTE

Check Details

Version: 1.1
Check: installed package size
Result: NOTE
     installed size is 11.9Mb
     sub-directories of 1Mb or more:
     data 2.3Mb
     libs 9.0Mb
Flavors: r-devel-linux-x86_64-fedora-clang, r-release-macos-arm64, r-release-macos-x86_64, r-release-windows-ix86+x86_64, r-oldrel-macos-x86_64, r-oldrel-windows-ix86+x86_64