Last updated on 2022-08-17 23:13:08 CEST.
Flavor | Version | Tinstall | Tcheck | Ttotal | Status | Flags |
---|---|---|---|---|---|---|
r-devel-linux-x86_64-debian-clang | 0.1.7 | 6.02 | 24.55 | 30.57 | NOTE | |
r-devel-linux-x86_64-debian-gcc | 0.1.7 | NOTE | ||||
r-devel-linux-x86_64-fedora-clang | 0.1.7 | 50.75 | NOTE | |||
r-devel-linux-x86_64-fedora-gcc | 0.1.7 | 48.75 | NOTE | |||
r-devel-windows-x86_64 | 0.1.7 | 144.00 | 68.00 | 212.00 | NOTE | |
r-patched-linux-x86_64 | 0.1.7 | 5.23 | 24.80 | 30.03 | NOTE | |
r-release-linux-x86_64 | 0.1.7 | 4.33 | 24.36 | 28.69 | NOTE | |
r-release-macos-arm64 | 0.1.7 | 18.00 | NOTE | |||
r-release-macos-x86_64 | 0.1.7 | 25.00 | NOTE | |||
r-release-windows-x86_64 | 0.1.7 | 161.00 | 68.00 | 229.00 | NOTE | |
r-oldrel-macos-arm64 | 0.1.7 | 22.00 | NOTE | |||
r-oldrel-macos-x86_64 | 0.1.7 | 32.00 | NOTE | |||
r-oldrel-windows-ix86+x86_64 | 0.1.7 | 28.00 | 64.00 | 92.00 | NOTE |
Version: 0.1.7
Check: LazyData
Result: NOTE
'LazyData' is specified without a 'data' directory
Flavors: r-devel-linux-x86_64-debian-clang, r-devel-linux-x86_64-debian-gcc, r-devel-linux-x86_64-fedora-clang, r-devel-linux-x86_64-fedora-gcc, r-devel-windows-x86_64, r-patched-linux-x86_64, r-release-linux-x86_64, r-release-macos-arm64, r-release-macos-x86_64, r-release-windows-x86_64, r-oldrel-macos-arm64, r-oldrel-macos-x86_64, r-oldrel-windows-ix86+x86_64