CRAN Package Check Results for Package soql

Last updated on 2020-07-15 00:47:10 CEST.

Flavor Version Tinstall Tcheck Ttotal Status Flags
r-devel-linux-x86_64-debian-clang 0.1.1 1.88 18.63 20.51 OK
r-devel-linux-x86_64-debian-gcc 0.1.1 1.63 14.90 16.53 OK
r-devel-linux-x86_64-fedora-clang 0.1.1 33.63 OK
r-devel-linux-x86_64-fedora-gcc 0.1.1 25.91 OK
r-devel-windows-ix86+x86_64 0.1.1 7.00 30.00 37.00 OK
r-patched-linux-x86_64 0.1.1 1.72 18.39 20.11 OK
r-patched-solaris-x86 0.1.1 38.20 OK
r-release-linux-x86_64 0.1.1 1.93 18.52 20.45 OK
r-release-macos-x86_64 0.1.1 ERROR
r-release-windows-ix86+x86_64 0.1.1 7.00 33.00 40.00 OK
r-oldrel-macos-x86_64 0.1.1 OK
r-oldrel-windows-ix86+x86_64 0.1.1 30.00 40.00 70.00 OK

Check Details

Version: 0.1.1
Check: whether package can be installed
Result: ERROR
    Installation failed.
Flavor: r-release-macos-x86_64