CRAN Package Check Results for Package sonicscrewdriver

Last updated on 2023-11-30 04:53:08 CET.

Flavor Version Tinstall Tcheck Ttotal Status Flags
r-devel-linux-x86_64-debian-clang 0.0.4 11.86 102.15 114.01 OK
r-devel-linux-x86_64-debian-gcc 0.0.4 9.14 73.99 83.13 OK
r-devel-linux-x86_64-fedora-clang 0.0.4 148.27 NOTE
r-devel-linux-x86_64-fedora-gcc 0.0.4 149.93 NOTE
r-devel-windows-x86_64 0.0.4 11.00 103.00 114.00 OK
r-patched-linux-x86_64 0.0.4 10.59 95.59 106.18 OK
r-release-linux-x86_64 0.0.4 12.04 94.98 107.02 OK
r-release-macos-arm64 0.0.4 48.00 OK
r-release-macos-x86_64 0.0.4 72.00 OK
r-release-windows-x86_64 0.0.4 14.00 118.00 132.00 OK
r-oldrel-macos-arm64 0.0.4 38.00 NOTE
r-oldrel-macos-x86_64 0.0.4 73.00 NOTE
r-oldrel-windows-x86_64 0.0.4 15.00 116.00 131.00 OK

Check Details

Version: 0.0.4
Check: dependencies in R code
Result: NOTE Namespace in Imports field not imported from: ‘methods’ All declared Imports should be used. Flavors: r-devel-linux-x86_64-fedora-clang, r-devel-linux-x86_64-fedora-gcc, r-oldrel-macos-arm64, r-oldrel-macos-x86_64