CRAN Package Check Results for Package sommer

Last updated on 2024-06-13 23:57:09 CEST.

Flavor Version Tinstall Tcheck Ttotal Status Flags
r-devel-linux-x86_64-debian-clang 4.3.4 104.80 178.13 282.93 OK --no-vignettes
r-devel-linux-x86_64-debian-gcc 4.3.4 86.26 133.73 219.99 ERROR --no-vignettes
r-devel-linux-x86_64-fedora-clang 4.3.4 577.08 OK
r-devel-linux-x86_64-fedora-gcc 4.3.4 656.19 OK
r-devel-windows-x86_64 4.3.4 85.00 180.00 265.00 NOTE --no-vignettes
r-patched-linux-x86_64 4.3.4 99.59 175.41 275.00 OK --no-vignettes
r-release-linux-x86_64 4.3.4 104.95 176.61 281.56 OK --no-vignettes
r-release-macos-arm64 4.3.4 186.00 NOTE
r-release-macos-x86_64 4.3.4 292.00 NOTE
r-release-windows-x86_64 4.3.4 81.00 189.00 270.00 NOTE --no-vignettes
r-oldrel-macos-arm64 4.3.4 189.00 NOTE
r-oldrel-macos-x86_64 4.3.4 506.00 NOTE
r-oldrel-windows-x86_64 4.3.4 108.00 186.00 294.00 NOTE --no-vignettes

Check Details

Version: 4.3.4
Flags: --no-vignettes
Check: package dependencies
Result: NOTE Package suggested but not available for checking: ‘testthat’ Flavor: r-devel-linux-x86_64-debian-gcc

Version: 4.3.4
Flags: --no-vignettes
Check: tests
Result: ERROR Running ‘mmec_examples.R’ [0s/1s] Running ‘testthat.R’ [0s/1s] Running the tests in ‘tests/testthat.R’ failed. Complete output: > library(testthat) Error in library(testthat) : there is no package called 'testthat' Execution halted Flavor: r-devel-linux-x86_64-debian-gcc

Version: 4.3.4
Flags: --no-vignettes
Check: installed package size
Result: NOTE installed size is 5.5Mb sub-directories of 1Mb or more: data 1.3Mb doc 1.3Mb libs 1.7Mb Flavors: r-devel-windows-x86_64, r-release-windows-x86_64, r-oldrel-windows-x86_64

Version: 4.3.4
Check: installed package size
Result: NOTE installed size is 13.4Mb sub-directories of 1Mb or more: data 1.3Mb doc 1.3Mb libs 9.6Mb Flavors: r-release-macos-arm64, r-release-macos-x86_64, r-oldrel-macos-arm64, r-oldrel-macos-x86_64