CRAN Package Check Results for Package sommer

Last updated on 2021-12-03 08:50:37 CET.

Flavor Version Tinstall Tcheck Ttotal Status Flags
r-devel-linux-x86_64-debian-clang 4.1.4 74.68 145.53 220.21 OK --no-vignettes
r-devel-linux-x86_64-debian-gcc 4.1.4 64.22 108.72 172.94 OK --no-vignettes
r-devel-linux-x86_64-fedora-clang 4.1.4 303.19 NOTE --no-vignettes
r-devel-linux-x86_64-fedora-gcc 4.1.4 290.05 OK --no-vignettes
r-devel-windows-x86_64-new-UL 4.1.4 107.00 196.00 303.00 NOTE --no-vignettes
r-devel-windows-x86_64-new-TK 4.1.4 OK --no-vignettes
r-devel-windows-x86_64-old 4.1.4 92.00 128.00 220.00 NOTE --no-vignettes
r-patched-linux-x86_64 4.1.4 70.15 139.30 209.45 OK --no-vignettes
r-patched-solaris-x86 4.1.4 312.00 NOTE --no-vignettes
r-release-linux-x86_64 4.1.4 75.17 139.63 214.80 OK --no-vignettes
r-release-macos-arm64 4.1.4 NOTE
r-release-macos-x86_64 4.1.4 NOTE
r-release-windows-ix86+x86_64 4.1.4 167.00 190.00 357.00 NOTE --no-vignettes
r-oldrel-macos-x86_64 4.1.4 NOTE
r-oldrel-windows-ix86+x86_64 4.1.4 169.00 238.00 407.00 NOTE --no-vignettes

Check Details

Version: 4.1.4
Flags: --no-vignettes
Check: installed package size
Result: NOTE
     installed size is 10.7Mb
     sub-directories of 1Mb or more:
     data 1.5Mb
     doc 2.2Mb
     libs 6.2Mb
Flavors: r-devel-linux-x86_64-fedora-clang, r-devel-windows-x86_64-new-UL, r-devel-windows-x86_64-old, r-patched-solaris-x86, r-release-windows-ix86+x86_64, r-oldrel-windows-ix86+x86_64

Version: 4.1.4
Check: installed package size
Result: NOTE
     installed size is 12.9Mb
     sub-directories of 1Mb or more:
     data 1.4Mb
     doc 2.2Mb
     libs 8.4Mb
Flavors: r-release-macos-arm64, r-release-macos-x86_64, r-oldrel-macos-x86_64