CRAN Package Check Results for Package socialmixr

Last updated on 2019-04-22 18:47:24 CEST.

Flavor Version Tinstall Tcheck Ttotal Status Flags
r-devel-linux-x86_64-debian-clang 0.1.3 4.77 72.68 77.45 OK
r-devel-linux-x86_64-debian-gcc 0.1.3 4.06 70.26 74.32 OK
r-devel-linux-x86_64-fedora-clang 0.1.3 86.64 NOTE
r-devel-linux-x86_64-fedora-gcc 0.1.3 80.98 NOTE
r-devel-windows-ix86+x86_64 0.1.3 14.00 104.00 118.00 OK
r-patched-linux-x86_64 0.1.3 5.24 66.02 71.26 OK
r-patched-solaris-x86 0.1.3 125.10 NOTE
r-release-linux-x86_64 0.1.3 3.40 72.00 75.40 OK
r-release-windows-ix86+x86_64 0.1.3 7.00 141.00 148.00 OK
r-release-osx-x86_64 0.1.3 NOTE
r-oldrel-windows-ix86+x86_64 0.1.3 7.00 150.00 157.00 OK
r-oldrel-osx-x86_64 0.1.3 NOTE

Check Details

Version: 0.1.3
Check: data for non-ASCII characters
Result: NOTE
     Note: found 1 marked UTF-8 string
Flavors: r-devel-linux-x86_64-fedora-clang, r-devel-linux-x86_64-fedora-gcc, r-patched-solaris-x86, r-release-osx-x86_64, r-oldrel-osx-x86_64