CRAN Package Check Results for Package socialmixr

Last updated on 2019-07-24 09:50:34 CEST.

Flavor Version Tinstall Tcheck Ttotal Status Flags
r-devel-linux-x86_64-debian-clang 0.1.3 4.96 74.81 79.77 OK
r-devel-linux-x86_64-debian-gcc 0.1.3 4.56 70.63 75.19 OK
r-devel-linux-x86_64-fedora-clang 0.1.4 62.44 OK
r-devel-linux-x86_64-fedora-gcc 0.1.4 55.08 OK
r-devel-windows-ix86+x86_64 0.1.3 11.00 137.00 148.00 OK
r-patched-linux-x86_64 0.1.3 5.11 70.71 75.82 OK
r-patched-solaris-x86 0.1.4 105.70 OK
r-release-linux-x86_64 0.1.3 4.71 72.18 76.89 OK
r-release-windows-ix86+x86_64 0.1.3 13.00 142.00 155.00 OK
r-release-osx-x86_64 0.1.3 NOTE
r-oldrel-windows-ix86+x86_64 0.1.3 10.00 134.00 144.00 OK
r-oldrel-osx-x86_64 0.1.3 NOTE

Check Details

Version: 0.1.3
Check: data for non-ASCII characters
Result: NOTE
     Note: found 1 marked UTF-8 string
Flavors: r-release-osx-x86_64, r-oldrel-osx-x86_64