CRAN Package Check Results for Package soc.ca

Last updated on 2020-06-01 07:48:18 CEST.

Flavor Version Tinstall Tcheck Ttotal Status Flags
r-devel-linux-x86_64-debian-clang 0.7.3 8.18 77.74 85.92 OK
r-devel-linux-x86_64-debian-gcc 0.7.3 6.48 59.34 65.82 OK
r-devel-linux-x86_64-fedora-clang 0.7.3 108.19 NOTE
r-devel-linux-x86_64-fedora-gcc 0.7.3 104.40 NOTE
r-devel-windows-ix86+x86_64 0.7.3 23.00 99.00 122.00 OK
r-patched-linux-x86_64 0.7.3 6.31 75.58 81.89 OK
r-patched-solaris-x86 0.7.3 149.00 NOTE
r-release-linux-x86_64 0.7.3 8.08 75.08 83.16 OK
r-release-osx-x86_64 0.7.3 NOTE
r-release-windows-ix86+x86_64 0.7.3 19.00 129.00 148.00 OK
r-oldrel-osx-x86_64 0.7.3 NOTE
r-oldrel-windows-ix86+x86_64 0.7.3 15.00 92.00 107.00 OK

Check Details

Version: 0.7.3
Check: data for non-ASCII characters
Result: NOTE
     Note: found 833 marked UTF-8 strings
Flavors: r-devel-linux-x86_64-fedora-clang, r-devel-linux-x86_64-fedora-gcc, r-patched-solaris-x86, r-release-osx-x86_64, r-oldrel-osx-x86_64