CRAN Package Check Results for Package snfa

Last updated on 2020-06-01 07:48:18 CEST.

Flavor Version Tinstall Tcheck Ttotal Status Flags
r-devel-linux-x86_64-debian-clang 0.0.1 3.01 38.97 41.98 OK
r-devel-linux-x86_64-debian-gcc 0.0.1 2.44 29.21 31.65 OK
r-devel-linux-x86_64-fedora-clang 0.0.1 59.78 NOTE
r-devel-linux-x86_64-fedora-gcc 0.0.1 49.99 NOTE
r-devel-windows-ix86+x86_64 0.0.1 10.00 72.00 82.00 OK
r-patched-linux-x86_64 0.0.1 2.90 38.58 41.48 OK
r-patched-solaris-x86 0.0.1 74.10 NOTE
r-release-linux-x86_64 0.0.1 2.89 38.94 41.83 OK
r-release-osx-x86_64 0.0.1 NOTE
r-release-windows-ix86+x86_64 0.0.1 8.00 72.00 80.00 OK
r-oldrel-osx-x86_64 0.0.1 NOTE
r-oldrel-windows-ix86+x86_64 0.0.1 6.00 53.00 59.00 OK

Check Details

Version: 0.0.1
Check: dependencies in R code
Result: NOTE
    Namespaces in Imports field not imported from:
     ‘Rdpack’ ‘ggplot2’
     All declared Imports should be used.
Flavors: r-devel-linux-x86_64-fedora-clang, r-devel-linux-x86_64-fedora-gcc, r-patched-solaris-x86, r-release-osx-x86_64, r-oldrel-osx-x86_64