CRAN Package Check Results for Package snfa

Last updated on 2019-09-21 17:47:02 CEST.

Flavor Version Tinstall Tcheck Ttotal Status Flags
r-devel-linux-x86_64-debian-clang 0.0.1 2.38 36.02 38.40 OK
r-devel-linux-x86_64-debian-gcc 0.0.1 1.71 27.76 29.47 OK
r-devel-linux-x86_64-fedora-clang 0.0.1 47.99 NOTE
r-devel-linux-x86_64-fedora-gcc 0.0.1 48.07 NOTE
r-devel-windows-ix86+x86_64 0.0.1 16.00 66.00 82.00 OK
r-patched-linux-x86_64 0.0.1 2.43 35.64 38.07 OK
r-patched-solaris-x86 0.0.1 70.20 NOTE
r-release-linux-x86_64 0.0.1 2.45 36.14 38.59 OK
r-release-windows-ix86+x86_64 0.0.1 5.00 51.00 56.00 OK
r-release-osx-x86_64 0.0.1 NOTE
r-oldrel-windows-ix86+x86_64 0.0.1 5.00 50.00 55.00 OK
r-oldrel-osx-x86_64 0.0.1 NOTE

Check Details

Version: 0.0.1
Check: dependencies in R code
Result: NOTE
    Namespaces in Imports field not imported from:
     ‘Rdpack’ ‘ggplot2’
     All declared Imports should be used.
Flavors: r-devel-linux-x86_64-fedora-clang, r-devel-linux-x86_64-fedora-gcc, r-patched-solaris-x86, r-release-osx-x86_64, r-oldrel-osx-x86_64