CRAN Package Check Results for Package sn

Last updated on 2024-02-28 13:53:29 CET.

Flavor Version Tinstall Tcheck Ttotal Status Flags
r-devel-linux-x86_64-debian-clang 2.1.1 20.40 167.73 188.13 NOTE
r-devel-linux-x86_64-debian-gcc 2.1.1 16.77 119.76 136.53 NOTE
r-devel-linux-x86_64-fedora-clang 2.1.1 223.54 NOTE
r-devel-linux-x86_64-fedora-gcc 2.1.1 231.38 NOTE
r-devel-windows-x86_64 2.1.1 18.00 138.00 156.00 OK
r-patched-linux-x86_64 2.1.1 23.86 161.74 185.60 OK
r-release-linux-x86_64 2.1.1 25.01 160.99 186.00 OK
r-release-macos-arm64 2.1.1 59.00 OK
r-release-macos-x86_64 2.1.1 108.00 OK
r-release-windows-x86_64 2.1.1 25.00 172.00 197.00 OK
r-oldrel-macos-arm64 2.1.1 52.00 OK
r-oldrel-windows-x86_64 2.1.1 27.00 172.00 199.00 OK

Check Details

Version: 2.1.1
Check: Rd files
Result: NOTE checkRd: (-1) plot.selm.Rd:101: Lost braces 101 | data. Default value for code{which} is \code{2:4} if \code{p>1}, otherwise | ^ Flavors: r-devel-linux-x86_64-debian-clang, r-devel-linux-x86_64-debian-gcc, r-devel-linux-x86_64-fedora-clang, r-devel-linux-x86_64-fedora-gcc