CRAN Package Check Results for Package sn

Last updated on 2022-06-25 11:52:48 CEST.

Flavor Version Tinstall Tcheck Ttotal Status Flags
r-devel-linux-x86_64-debian-clang 2.0.2 21.17 148.39 169.56 NOTE
r-devel-linux-x86_64-debian-gcc 2.0.2 16.53 106.27 122.80 NOTE
r-devel-linux-x86_64-fedora-clang 2.0.2 205.99 NOTE
r-devel-linux-x86_64-fedora-gcc 2.0.2 204.60 NOTE
r-devel-windows-x86_64 2.0.2 47.00 159.00 206.00 NOTE
r-patched-linux-x86_64 2.0.2 21.68 135.62 157.30 OK
r-release-linux-x86_64 2.0.2 20.85 138.45 159.30 OK
r-release-macos-arm64 2.0.2 52.00 OK
r-release-macos-x86_64 2.0.2 70.00 OK
r-release-windows-x86_64 2.0.2 50.00 164.00 214.00 OK
r-oldrel-macos-arm64 2.0.2 49.00 OK
r-oldrel-macos-x86_64 2.0.2 70.00 OK
r-oldrel-windows-ix86+x86_64 2.0.2 36.00 174.00 210.00 OK

Check Details

Version: 2.0.2
Check: Rd files
Result: NOTE
    checkRd: (-1) selm.fit.Rd:212: Escaped LaTeX specials: \&
Flavors: r-devel-linux-x86_64-debian-clang, r-devel-linux-x86_64-debian-gcc, r-devel-linux-x86_64-fedora-clang, r-devel-linux-x86_64-fedora-gcc, r-devel-windows-x86_64