CRAN Package Check Results for Package smpic

Last updated on 2024-06-14 07:53:11 CEST.

Flavor Version Tinstall Tcheck Ttotal Status Flags
r-devel-linux-x86_64-debian-clang 0.1.0 2.04 42.81 44.85 NOTE
r-devel-linux-x86_64-debian-gcc 0.1.0 1.80 32.27 34.07 NOTE
r-devel-linux-x86_64-fedora-clang 0.1.0 58.97 NOTE
r-devel-linux-x86_64-fedora-gcc 0.1.0 68.63 NOTE
r-devel-windows-x86_64 0.1.0 4.00 55.00 59.00 OK
r-patched-linux-x86_64 0.1.0 2.37 41.76 44.13 NOTE
r-release-linux-x86_64 0.1.0 2.25 41.23 43.48 NOTE
r-release-macos-arm64 0.1.0 28.00 OK
r-release-macos-x86_64 0.1.0 43.00 OK
r-release-windows-x86_64 0.1.0 4.00 56.00 60.00 OK
r-oldrel-macos-arm64 0.1.0 28.00 OK
r-oldrel-macos-x86_64 0.1.0 39.00 OK
r-oldrel-windows-x86_64 0.1.0 4.00 60.00 64.00 OK

Check Details

Version: 0.1.0
Check: for non-standard things in the check directory
Result: NOTE Found the following files/directories: ‘my_new_social_media_plot.png’ Flavors: r-devel-linux-x86_64-debian-clang, r-devel-linux-x86_64-debian-gcc, r-devel-linux-x86_64-fedora-clang, r-devel-linux-x86_64-fedora-gcc, r-patched-linux-x86_64, r-release-linux-x86_64