CRAN Package Check Results for Package smovie

Last updated on 2021-06-17 20:52:10 CEST.

Flavor Version Tinstall Tcheck Ttotal Status Flags
r-devel-linux-x86_64-debian-clang 1.1.3 9.65 62.66 72.31 NOTE
r-devel-linux-x86_64-debian-gcc 1.1.3 7.36 47.29 54.65 NOTE
r-devel-linux-x86_64-fedora-clang 1.1.3 98.05 NOTE
r-devel-linux-x86_64-fedora-gcc 1.1.3 85.78 NOTE
r-devel-windows-x86_64 1.1.3 11.00 76.00 87.00 NOTE
r-devel-windows-x86_64-gcc10-UCRT 1.1.3 NOTE
r-patched-linux-x86_64 1.1.3 10.71 61.19 71.90 NOTE
r-patched-solaris-x86 1.1.3 112.90 NOTE
r-release-linux-x86_64 1.1.3 9.54 60.81 70.35 NOTE
r-release-macos-arm64 1.1.3 ERROR
r-release-macos-x86_64 1.1.3 ERROR
r-release-windows-ix86+x86_64 1.1.3 12.00 80.00 92.00 NOTE
r-oldrel-macos-x86_64 1.1.3 ERROR
r-oldrel-windows-ix86+x86_64 1.1.3 12.00 72.00 84.00 OK

Check Details

Version: 1.1.3
Check: LazyData
Result: NOTE
     'LazyData' is specified without a 'data' directory
Flavors: r-devel-linux-x86_64-debian-clang, r-devel-linux-x86_64-debian-gcc, r-devel-linux-x86_64-fedora-clang, r-devel-linux-x86_64-fedora-gcc, r-devel-windows-x86_64, r-devel-windows-x86_64-gcc10-UCRT, r-patched-linux-x86_64, r-patched-solaris-x86, r-release-linux-x86_64, r-release-windows-ix86+x86_64

Version: 1.1.3
Check: package dependencies
Result: ERROR
    Package required but not available: ‘rpanel’
    
    See section ‘The DESCRIPTION file’ in the ‘Writing R Extensions’
    manual.
Flavors: r-release-macos-arm64, r-release-macos-x86_64, r-oldrel-macos-x86_64