CRAN Package Check Results for Package smoothic

Last updated on 2025-05-01 00:50:14 CEST.

Flavor Version Tinstall Tcheck Ttotal Status Flags
r-devel-linux-x86_64-debian-clang 1.2.0 11.52 130.19 141.71 NOTE
r-devel-linux-x86_64-debian-gcc 1.2.0 7.26 82.36 89.62 NOTE
r-devel-linux-x86_64-fedora-clang 1.2.0 214.30 OK
r-devel-linux-x86_64-fedora-gcc 1.2.0 208.38 OK
r-devel-windows-x86_64 1.2.0 12.00 142.00 154.00 NOTE
r-patched-linux-x86_64 1.2.0 10.20 119.11 129.31 NOTE
r-release-linux-x86_64 1.2.0 10.04 120.62 130.66 NOTE
r-release-macos-arm64 1.2.0 48.00 OK
r-release-macos-x86_64 1.2.0 125.00 OK
r-release-windows-x86_64 1.2.0 11.00 139.00 150.00 NOTE
r-oldrel-macos-arm64 1.2.0 52.00 OK
r-oldrel-macos-x86_64 1.2.0 91.00 OK
r-oldrel-windows-x86_64 1.2.0 14.00 172.00 186.00 OK

Check Details

Version: 1.2.0
Check: CRAN incoming feasibility
Result: NOTE Maintainer: ‘Meadhbh O'Neill <meadhbhon@gmail.com>’ The Description field contains details. <arXiv:2212.07317>. This package also contains the data Please refer to arXiv e-prints via their arXiv DOI <doi:10.48550/arXiv.YYMM.NNNNN>. Flavors: r-devel-linux-x86_64-debian-clang, r-devel-linux-x86_64-debian-gcc

Version: 1.2.0
Check: Rd cross-references
Result: NOTE Found the following Rd file(s) with Rd \link{} targets missing package anchors: plot_paths.Rd: facet_wrap Please provide package anchors for all Rd \link{} targets not in the package itself and the base packages. Flavors: r-devel-linux-x86_64-debian-clang, r-devel-linux-x86_64-debian-gcc, r-devel-windows-x86_64, r-patched-linux-x86_64, r-release-linux-x86_64, r-release-windows-x86_64

Version: 1.2.0
Check: examples
Result: NOTE Examples with CPU (user + system) or elapsed time > 5s user system elapsed plot_effects 10.130 0.185 12.571 plot_paths 7.563 0.046 9.554 predict.smoothic 7.210 0.035 9.800 smoothic 6.922 0.048 7.818 summary.smoothic 6.926 0.016 7.697 Flavor: r-devel-linux-x86_64-debian-clang

Version: 1.2.0
Check: examples
Result: NA user system elapsed plot_effects 5.584 0.099 6.081 OK Flavor: r-devel-linux-x86_64-debian-gcc