CRAN Package Check Results for Package smoothAPC

Last updated on 2021-12-04 10:52:45 CET.

Flavor Version Tinstall Tcheck Ttotal Status Flags
r-devel-linux-x86_64-debian-clang 0.3 16.30 184.30 200.60 NOTE
r-devel-linux-x86_64-debian-gcc 0.3 12.30 141.11 153.41 NOTE
r-devel-linux-x86_64-fedora-clang 0.3 236.64 NOTE
r-devel-linux-x86_64-fedora-gcc 0.3 224.61 NOTE
r-devel-windows-x86_64-new-UL 0.3 29.00 226.00 255.00 NOTE
r-devel-windows-x86_64-new-TK 0.3 NOTE
r-devel-windows-x86_64-old 0.3 27.00 160.00 187.00 NOTE
r-patched-linux-x86_64 0.3 15.47 163.96 179.43 NOTE
r-release-linux-x86_64 0.3 14.68 166.75 181.43 NOTE
r-release-macos-arm64 0.3 NOTE
r-release-macos-x86_64 0.3 NOTE
r-release-windows-ix86+x86_64 0.3 39.00 204.00 243.00 NOTE
r-oldrel-macos-x86_64 0.3 NOTE
r-oldrel-windows-ix86+x86_64 0.3 42.00 218.00 260.00 OK

Check Details

Version: 0.3
Check: LazyData
Result: NOTE
     'LazyData' is specified without a 'data' directory
Flavors: r-devel-linux-x86_64-debian-clang, r-devel-linux-x86_64-debian-gcc, r-devel-linux-x86_64-fedora-clang, r-devel-linux-x86_64-fedora-gcc, r-devel-windows-x86_64-new-UL, r-devel-windows-x86_64-new-TK, r-devel-windows-x86_64-old, r-patched-linux-x86_64, r-release-linux-x86_64, r-release-macos-arm64, r-release-macos-x86_64, r-release-windows-ix86+x86_64

Version: 0.3
Check: dependencies in R code
Result: NOTE
    Namespaces in Imports field not imported from:
     ‘compiler’ ‘lmtest’
     All declared Imports should be used.
Flavors: r-devel-linux-x86_64-fedora-clang, r-devel-linux-x86_64-fedora-gcc, r-devel-windows-x86_64-new-TK, r-release-macos-arm64, r-release-macos-x86_64, r-oldrel-macos-x86_64