CRAN Package Check Results for Package smmR

Last updated on 2021-11-26 21:52:43 CET.

Flavor Version Tinstall Tcheck Ttotal Status Flags
r-devel-linux-x86_64-debian-clang 1.0.3 49.27 93.14 142.41 OK
r-devel-linux-x86_64-debian-gcc 1.0.3 36.88 68.14 105.02 OK
r-devel-linux-x86_64-fedora-clang 1.0.3 204.83 OK
r-devel-linux-x86_64-fedora-gcc 1.0.3 184.69 OK
r-devel-windows-x86_64-new-UL 1.0.3 75.00 159.00 234.00 OK
r-devel-windows-x86_64-new-TK 1.0.3 OK
r-devel-windows-x86_64-old 1.0.3 47.00 130.00 177.00 OK
r-patched-linux-x86_64 1.0.3 46.53 89.88 136.41 OK
r-patched-solaris-x86 1.0.3 148.90 OK
r-release-linux-x86_64 1.0.3 OK
r-release-macos-arm64 1.0.3 NOTE
r-release-macos-x86_64 1.0.3 NOTE
r-release-windows-ix86+x86_64 1.0.3 112.00 111.00 223.00 OK
r-oldrel-macos-x86_64 1.0.3 NOTE
r-oldrel-windows-ix86+x86_64 1.0.3 89.00 140.00 229.00 OK

Check Details

Version: 1.0.3
Check: installed package size
Result: NOTE
     installed size is 6.1Mb
     sub-directories of 1Mb or more:
     libs 5.2Mb
Flavors: r-release-macos-arm64, r-release-macos-x86_64, r-oldrel-macos-x86_64