Last updated on 2023-06-07 12:00:48 CEST.
Flavor | Version | Tinstall | Tcheck | Ttotal | Status | Flags |
---|---|---|---|---|---|---|
r-devel-linux-x86_64-debian-clang | 1.0.4.1 | 59.42 | 152.41 | 211.83 | NOTE | |
r-devel-linux-x86_64-debian-gcc | 1.0.4.1 | 49.90 | 114.63 | 164.53 | NOTE | |
r-devel-linux-x86_64-fedora-clang | 1.0.4.1 | 282.69 | NOTE | |||
r-devel-linux-x86_64-fedora-gcc | 1.0.4.1 | 281.51 | NOTE | |||
r-devel-windows-x86_64 | 1.0.4.1 | 49.00 | 153.00 | 202.00 | NOTE | |
r-patched-linux-x86_64 | 1.0.4.1 | 56.41 | 146.16 | 202.57 | NOTE | |
r-release-linux-x86_64 | 1.0.4.1 | 57.08 | 141.87 | 198.95 | NOTE | |
r-release-macos-arm64 | 1.0.4.1 | 89.00 | NOTE | |||
r-release-macos-x86_64 | 1.0.4.1 | 143.00 | NOTE | |||
r-release-windows-x86_64 | 1.0.4.1 | 60.00 | 185.00 | 245.00 | NOTE | |
r-oldrel-macos-arm64 | 1.0.4.1 | 74.00 | NOTE | |||
r-oldrel-macos-x86_64 | 1.0.4.1 | 110.00 | NOTE | |||
r-oldrel-windows-x86_64 | 1.0.4.1 | 61.00 | 173.00 | 234.00 | NOTE |
Version: 1.0.4.1
Check: C++ specification
Result: NOTE
Specified C++11: please drop specification unless essential
Flavors: r-devel-linux-x86_64-debian-clang, r-devel-linux-x86_64-debian-gcc, r-devel-linux-x86_64-fedora-clang, r-devel-linux-x86_64-fedora-gcc, r-devel-windows-x86_64, r-patched-linux-x86_64, r-release-linux-x86_64, r-release-macos-arm64, r-release-macos-x86_64, r-release-windows-x86_64
Version: 1.0.4.1
Check: installed package size
Result: NOTE
installed size is 5.8Mb
sub-directories of 1Mb or more:
data 4.6Mb
Flavors: r-devel-linux-x86_64-fedora-clang, r-devel-windows-x86_64, r-release-macos-arm64, r-release-macos-x86_64, r-release-windows-x86_64, r-oldrel-macos-arm64, r-oldrel-macos-x86_64, r-oldrel-windows-x86_64