Last updated on 2023-12-11 23:13:07 CET.
Flavor | Version | Tinstall | Tcheck | Ttotal | Status | Flags |
---|---|---|---|---|---|---|
r-devel-linux-x86_64-debian-clang | 0.2.2 | 16.51 | 585.80 | 602.31 | NOTE | |
r-devel-linux-x86_64-debian-gcc | 0.2.2 | 12.91 | 424.37 | 437.28 | NOTE | |
r-devel-linux-x86_64-fedora-clang | 0.2.2 | 729.49 | OK | |||
r-devel-linux-x86_64-fedora-gcc | 0.2.2 | 584.74 | OK | |||
r-devel-windows-x86_64 | 0.2.2 | 16.00 | 474.00 | 490.00 | OK | |
r-patched-linux-x86_64 | 0.2.2 | 23.64 | 539.07 | 562.71 | OK | |
r-release-linux-x86_64 | 0.2.2 | 17.35 | 543.74 | 561.09 | OK | |
r-release-macos-arm64 | 0.2.2 | 186.00 | OK | |||
r-release-macos-x86_64 | 0.2.2 | 266.00 | OK | |||
r-release-windows-x86_64 | 0.2.2 | 19.00 | 566.00 | 585.00 | OK | |
r-oldrel-macos-arm64 | 0.2.2 | 167.00 | OK | |||
r-oldrel-macos-x86_64 | 0.2.2 | 319.00 | OK | |||
r-oldrel-windows-x86_64 | 0.2.2 | 21.00 | 554.00 | 575.00 | OK |
Version: 0.2.2
Check: Rd files
Result: NOTE
checkRd: (-1) smdi_diagnose.Rd:49: Lost braces; missing escapes or markup?
49 | \item asmd_{mean/median}: average/median absolute standardized mean difference (and min, max) of patient characteristics between those without (1) and with (0) observed covariate
| ^
Flavors: r-devel-linux-x86_64-debian-clang, r-devel-linux-x86_64-debian-gcc