CRAN Package Check Results for Package smd

Last updated on 2022-12-08 19:49:47 CET.

Flavor Version Tinstall Tcheck Ttotal Status Flags
r-devel-linux-x86_64-debian-clang 0.6.6 2.33 32.95 35.28 NOTE
r-devel-linux-x86_64-debian-gcc 0.6.6 2.36 25.26 27.62 NOTE
r-devel-linux-x86_64-fedora-clang 0.6.6 57.71 NOTE
r-devel-linux-x86_64-fedora-gcc 0.6.6 63.25 NOTE
r-devel-windows-x86_64 0.6.6 13.00 63.00 76.00 NOTE
r-patched-linux-x86_64 0.6.6 2.58 29.52 32.10 NOTE
r-release-linux-x86_64 0.6.6 2.61 30.95 33.56 NOTE
r-release-macos-arm64 0.6.6 20.00 NOTE
r-release-macos-x86_64 0.6.6 26.00 NOTE
r-release-windows-x86_64 0.6.6 17.00 65.00 82.00 NOTE
r-oldrel-macos-arm64 0.6.6 22.00 NOTE
r-oldrel-macos-x86_64 0.6.6 36.00 NOTE
r-oldrel-windows-ix86+x86_64 0.6.6 7.00 56.00 63.00 NOTE

Check Details

Version: 0.6.6
Check: LazyData
Result: NOTE
     'LazyData' is specified without a 'data' directory
Flavors: r-devel-linux-x86_64-debian-clang, r-devel-linux-x86_64-debian-gcc, r-devel-linux-x86_64-fedora-clang, r-devel-linux-x86_64-fedora-gcc, r-devel-windows-x86_64, r-patched-linux-x86_64, r-release-linux-x86_64, r-release-macos-arm64, r-release-macos-x86_64, r-release-windows-x86_64, r-oldrel-macos-arm64, r-oldrel-macos-x86_64, r-oldrel-windows-ix86+x86_64

Version: 0.6.6
Check: dependencies in R code
Result: NOTE
    Namespace in Imports field not imported from: ‘methods’
     All declared Imports should be used.
Flavors: r-devel-linux-x86_64-fedora-clang, r-devel-linux-x86_64-fedora-gcc, r-release-macos-arm64, r-release-macos-x86_64, r-oldrel-macos-arm64, r-oldrel-macos-x86_64