Last updated on 2022-06-29 00:51:26 CEST.
Flavor | Version | Tinstall | Tcheck | Ttotal | Status | Flags |
---|---|---|---|---|---|---|
r-devel-linux-x86_64-debian-clang | 1.1.0 | 30.46 | 66.09 | 96.55 | NOTE | |
r-devel-linux-x86_64-debian-gcc | 1.1.0 | 24.07 | 48.12 | 72.19 | NOTE | |
r-devel-linux-x86_64-fedora-clang | 1.1.0 | 137.68 | NOTE | |||
r-devel-linux-x86_64-fedora-gcc | 1.1.0 | 129.94 | NOTE | |||
r-devel-windows-x86_64 | 1.1.0 | 42.00 | 120.00 | 162.00 | NOTE | |
r-patched-linux-x86_64 | 1.1.0 | 28.69 | 61.14 | 89.83 | NOTE | |
r-release-linux-x86_64 | 1.1.0 | 28.74 | 62.10 | 90.84 | NOTE | |
r-release-macos-arm64 | 1.1.0 | 40.00 | NOTE | |||
r-release-macos-x86_64 | 1.1.0 | 55.00 | NOTE | |||
r-release-windows-x86_64 | 1.1.0 | 39.00 | 120.00 | 159.00 | NOTE | |
r-oldrel-macos-arm64 | 1.1.0 | 41.00 | NOTE | |||
r-oldrel-macos-x86_64 | 1.1.0 | 61.00 | NOTE | |||
r-oldrel-windows-ix86+x86_64 | 1.1.0 | 87.00 | 128.00 | 215.00 | NOTE |
Version: 1.1.0
Check: LazyData
Result: NOTE
'LazyData' is specified without a 'data' directory
Flavors: r-devel-linux-x86_64-debian-clang, r-devel-linux-x86_64-debian-gcc, r-devel-linux-x86_64-fedora-clang, r-devel-linux-x86_64-fedora-gcc, r-devel-windows-x86_64, r-patched-linux-x86_64, r-release-linux-x86_64, r-release-macos-arm64, r-release-macos-x86_64, r-release-windows-x86_64, r-oldrel-macos-arm64, r-oldrel-macos-x86_64, r-oldrel-windows-ix86+x86_64