CRAN Package Check Results for Package smartR

Last updated on 2019-08-24 08:50:02 CEST.

Flavor Version Tinstall Tcheck Ttotal Status Flags
r-devel-linux-x86_64-debian-clang 0.62.0 39.50 249.87 289.37 OK
r-devel-linux-x86_64-debian-gcc 0.62.0 38.69 185.56 224.25 OK
r-devel-linux-x86_64-fedora-clang 0.62.0 287.51 OK
r-devel-linux-x86_64-fedora-gcc 0.62.0 312.57 OK
r-devel-windows-ix86+x86_64 0.62.0 99.00 7.00 106.00 ERROR
r-patched-linux-x86_64 0.62.0 38.87 234.09 272.96 OK
r-patched-solaris-x86 0.62.0 547.90 OK
r-release-linux-x86_64 0.62.0 37.23 234.79 272.02 OK
r-release-windows-ix86+x86_64 0.62.0 100.00 248.00 348.00 OK
r-release-osx-x86_64 0.62.0 ERROR
r-oldrel-windows-ix86+x86_64 0.62.0 78.00 342.00 420.00 OK
r-oldrel-osx-x86_64 0.62.0 ERROR

Check Details

Version: 0.62.0
Check: whether package can be installed
Result: ERROR
    Installation failed.
Flavor: r-devel-windows-ix86+x86_64

Version: 0.62.0
Check: package dependencies
Result: ERROR
    Package required but not available: ‘gWidgets2RGtk2’
    
    See section ‘The DESCRIPTION file’ in the ‘Writing R Extensions’
    manual.
Flavors: r-release-osx-x86_64, r-oldrel-osx-x86_64